[Mon Jul 21 14:13:45.717235 2025] [wsgi:error] [pid 6584:tid 1256] [client 202.164.136.216:44232] Forbidden: /product_service/search_products/\r
[Mon Jul 21 14:14:26.586613 2025] [wsgi:error] [pid 9328:tid 1528] [client 202.164.136.216:44287] Forbidden: /product_service/search_products/\r
[Mon Jul 21 14:28:01.822436 2025] [wsgi:error] [pid 11572:tid 1384] [client 202.164.136.216:43996] Forbidden: /delivery_service/incoterms/\r
[Mon Jul 21 16:11:04.851004 2025] [wsgi:error] [pid 10932:tid 1336] [client 49.51.183.15:48502] Forbidden: /product_service/\r
[Tue Jul 22 07:21:53.261521 2025] [wsgi:error] [pid 708:tid 1384] [client 202.164.136.216:42276] Forbidden: /delivery_service/incoterms/\r
[Tue Jul 22 07:37:05.209926 2025] [wsgi:error] [pid 14048:tid 1380] [client 94.136.187.179:57582] Not Found: /user_service/validate_auth_token/\r
[Tue Jul 22 07:42:53.991674 2025] [wsgi:error] [pid 14572:tid 1280] [client 94.136.187.179:58390] Not Found: /user_service/validate_auth_token/\r
[Tue Jul 22 08:05:46.241514 2025] [wsgi:error] [pid 14572:tid 1168] [client 202.164.136.216:42970] C:\\Apache24/htdocs/Orderprotest/purchase_order_service\\po_app\\scripts\\update_price_master_from_sheet.py:54: SyntaxWarning: invalid escape sequence '\\A'\r, referer: http://94.136.187.179:8080/
[Tue Jul 22 08:05:46.241514 2025] [wsgi:error] [pid 14572:tid 1168] [client 202.164.136.216:42970] SERVICE_ACCOUNT_FILE = 'C:\\Apache24\\service_account_creds.json'\r, referer: http://94.136.187.179:8080/
[Tue Jul 22 08:05:49.413394 2025] [wsgi:error] [pid 14572:tid 896] [client 94.136.187.179:60109] C:\\Apache24/htdocs/Orderprotest/delivery_service\\delivery_app\\scripts\\sync_transport_data.py:86: SyntaxWarning: invalid escape sequence '\\A'\r
[Tue Jul 22 08:05:49.413394 2025] [wsgi:error] [pid 14572:tid 896] [client 94.136.187.179:60109] SERVICE_ACCOUNT_FILE = 'C:\\Apache24\\service_account_creds.json'\r
[Tue Jul 22 08:05:49.679039 2025] [wsgi:error] [pid 14572:tid 896] [client 94.136.187.179:60118] Not Found: /delivery_service/terms_conditions/\r
[Wed Jul 23 07:07:43.976862 2025] [wsgi:error] [pid 17476:tid 1756] [client 94.136.187.179:64682] Not Found: /user_service/validate_auth_token/\r
[Wed Jul 23 07:07:43.976862 2025] [wsgi:error] [pid 17476:tid 1696] [client 94.136.187.179:64691] Not Found: /user_service/validate_auth_token/\r
[Wed Jul 23 07:07:43.992524 2025] [wsgi:error] [pid 17476:tid 1640] [client 94.136.187.179:64681] Not Found: /user_service/validate_auth_token/\r
[Wed Jul 23 07:07:43.992524 2025] [wsgi:error] [pid 17476:tid 1684] [client 94.136.187.179:64694] Not Found: /user_service/validate_auth_token/\r
[Wed Jul 23 07:07:43.992524 2025] [wsgi:error] [pid 17476:tid 1740] [client 94.136.187.179:64689] Not Found: /user_service/validate_auth_token/\r
[Wed Jul 23 07:07:43.992524 2025] [wsgi:error] [pid 17476:tid 1736] [client 103.177.252.85:1840] Forbidden: /customer_service/customernames/\r, referer: http://localhost:5173/
[Wed Jul 23 07:07:43.992524 2025] [wsgi:error] [pid 17476:tid 1648] [client 103.177.252.85:1836] Forbidden: /product_service/products/\r, referer: http://localhost:5173/
[Wed Jul 23 07:07:43.992524 2025] [wsgi:error] [pid 17476:tid 1732] [client 94.136.187.179:64692] Not Found: /user_service/validate_auth_token/\r
[Wed Jul 23 07:07:43.992524 2025] [wsgi:error] [pid 17476:tid 1676] [client 94.136.187.179:64690] Not Found: /user_service/validate_auth_token/\r
[Wed Jul 23 07:07:43.992524 2025] [wsgi:error] [pid 17476:tid 1660] [client 94.136.187.179:64688] Not Found: /user_service/validate_auth_token/\r
[Wed Jul 23 07:07:43.992524 2025] [wsgi:error] [pid 17476:tid 1728] [client 103.177.252.85:10857] Forbidden: /product_service/products/\r, referer: http://localhost:5173/
[Wed Jul 23 07:07:44.008117 2025] [wsgi:error] [pid 17476:tid 1656] [client 103.177.252.85:10842] Forbidden: /customer_service/customernames/\r, referer: http://localhost:5173/
[Wed Jul 23 07:07:54.101899 2025] [wsgi:error] [pid 17476:tid 1712] [client 94.136.187.179:64723] Not Found: /user_service/validate_auth_token/\r
[Wed Jul 23 07:07:54.164399 2025] [wsgi:error] [pid 17476:tid 1712] [client 94.136.187.179:64724] Not Found: /user_service/validate_auth_token/\r
[Wed Jul 23 07:07:54.164399 2025] [wsgi:error] [pid 17476:tid 1656] [client 103.177.252.85:12059] Forbidden: /product_service/products/\r, referer: http://localhost:5173/
[Wed Jul 23 07:07:54.164399 2025] [wsgi:error] [pid 17476:tid 1652] [client 94.136.187.179:64725] Not Found: /user_service/validate_auth_token/\r
[Wed Jul 23 07:07:54.164399 2025] [wsgi:error] [pid 17476:tid 1728] [client 103.177.252.85:12063] Forbidden: /customer_service/customernames/\r, referer: http://localhost:5173/
[Wed Jul 23 07:07:54.664400 2025] [wsgi:error] [pid 17476:tid 1652] [client 94.136.187.179:64726] Not Found: /user_service/validate_auth_token/\r
[Wed Jul 23 07:08:20.102014 2025] [wsgi:error] [pid 17476:tid 1732] [client 94.136.187.179:64911] Not Found: /user_service/validate_auth_token/\r
[Wed Jul 23 07:08:20.102014 2025] [wsgi:error] [pid 17476:tid 1664] [client 94.136.187.179:64912] Not Found: /user_service/validate_auth_token/\r
[Wed Jul 23 07:08:20.102014 2025] [wsgi:error] [pid 17476:tid 1660] [client 103.177.252.85:1804] Forbidden: /customer_service/customers/\r, referer: http://localhost:5173/
[Wed Jul 23 07:08:20.117605 2025] [wsgi:error] [pid 17476:tid 1632] [client 94.136.187.179:64913] Not Found: /user_service/validate_auth_token/\r
[Wed Jul 23 07:08:20.117605 2025] [wsgi:error] [pid 17476:tid 1668] [client 103.177.252.85:1800] Forbidden: /product_service/products/\r, referer: http://localhost:5173/
[Wed Jul 23 07:08:20.117605 2025] [wsgi:error] [pid 17476:tid 1620] [client 103.177.252.85:1803] Forbidden: /customer_service/customers/\r, referer: http://localhost:5173/
[Wed Jul 23 07:08:20.117605 2025] [wsgi:error] [pid 17476:tid 1684] [client 94.136.187.179:64914] Not Found: /user_service/validate_auth_token/\r
[Wed Jul 23 07:08:20.117605 2025] [wsgi:error] [pid 17476:tid 1768] [client 103.177.252.85:1807] Forbidden: /product_service/products/\r, referer: http://localhost:5173/
[Wed Jul 23 07:08:20.898880 2025] [wsgi:error] [pid 17476:tid 1732] [client 94.136.187.179:64918] Not Found: /user_service/validate_auth_token/\r
[Wed Jul 23 07:08:20.898880 2025] [wsgi:error] [pid 17476:tid 1676] [client 103.177.252.85:1798] Forbidden: /delivery_service/loadpoints/\r, referer: http://localhost:5173/
[Wed Jul 23 07:08:20.914483 2025] [wsgi:error] [pid 17476:tid 1632] [client 94.136.187.179:64915] Not Found: /user_service/validate_auth_token/\r
[Wed Jul 23 07:08:20.914483 2025] [wsgi:error] [pid 17476:tid 1668] [client 94.136.187.179:64917] Not Found: /user_service/validate_auth_token/\r
[Wed Jul 23 07:08:20.914483 2025] [wsgi:error] [pid 17476:tid 1620] [client 94.136.187.179:64916] Not Found: /user_service/validate_auth_token/\r
[Wed Jul 23 07:08:20.914483 2025] [wsgi:error] [pid 17476:tid 1680] [client 103.177.252.85:1811] Forbidden: /delivery_service/incoterms/\r, referer: http://localhost:5173/
[Wed Jul 23 07:08:20.914483 2025] [wsgi:error] [pid 17476:tid 1708] [client 103.177.252.85:1808] Forbidden: /delivery_service/incoterms/\r, referer: http://localhost:5173/
[Wed Jul 23 07:08:20.914483 2025] [wsgi:error] [pid 17476:tid 1628] [client 103.177.252.85:1799] Forbidden: /delivery_service/loadpoints/\r, referer: http://localhost:5173/
[Wed Jul 23 07:08:20.930106 2025] [wsgi:error] [pid 17476:tid 1664] [client 94.136.187.179:64920] Not Found: /user_service/validate_auth_token/\r
[Wed Jul 23 07:08:20.930106 2025] [wsgi:error] [pid 17476:tid 1732] [client 94.136.187.179:64919] Not Found: /user_service/validate_auth_token/\r
[Wed Jul 23 07:08:20.930106 2025] [wsgi:error] [pid 17476:tid 1768] [client 103.177.252.85:1840] Forbidden: /product_service/products/\r, referer: http://localhost:5173/
[Wed Jul 23 07:08:20.930106 2025] [wsgi:error] [pid 17476:tid 1684] [client 103.177.252.85:1833] Forbidden: /product_service/products/\r, referer: http://localhost:5173/
[Wed Jul 23 07:08:20.930106 2025] [wsgi:error] [pid 17476:tid 1660] [client 94.136.187.179:64921] Not Found: /user_service/validate_auth_token/\r
[Wed Jul 23 07:08:20.930106 2025] [wsgi:error] [pid 17476:tid 1756] [client 94.136.187.179:64922] Not Found: /user_service/validate_auth_token/\r
[Wed Jul 23 07:08:20.930106 2025] [wsgi:error] [pid 17476:tid 1760] [client 103.177.252.85:1839] Forbidden: /customer_service/customers/\r, referer: http://localhost:5173/
[Wed Jul 23 07:08:20.930106 2025] [wsgi:error] [pid 17476:tid 1656] [client 103.177.252.85:1831] Forbidden: /customer_service/customers/\r, referer: http://localhost:5173/
[Wed Jul 23 07:08:22.570761 2025] [wsgi:error] [pid 17476:tid 1636] [client 94.136.187.179:64923] Not Found: /user_service/validate_auth_token/\r
[Wed Jul 23 07:08:22.586360 2025] [wsgi:error] [pid 17476:tid 1704] [client 94.136.187.179:64924] Not Found: /user_service/validate_auth_token/\r
[Wed Jul 23 07:09:03.039611 2025] [wsgi:error] [pid 17476:tid 1704] [client 94.136.187.179:65264] Not Found: /user_service/validate_auth_token/\r
[Wed Jul 23 07:09:03.039611 2025] [wsgi:error] [pid 17476:tid 1684] [client 103.177.252.85:1852] Forbidden: /customer_service/customernames/\r, referer: http://localhost:5173/
[Wed Jul 23 07:09:03.039611 2025] [wsgi:error] [pid 17476:tid 1744] [client 94.136.187.179:65265] Not Found: /user_service/validate_auth_token/\r
[Wed Jul 23 07:09:03.039611 2025] [wsgi:error] [pid 17476:tid 1768] [client 94.136.187.179:65266] Not Found: /user_service/validate_auth_token/\r
[Wed Jul 23 07:09:03.039611 2025] [wsgi:error] [pid 17476:tid 1760] [client 103.177.252.85:1819] Forbidden: /product_service/products/\r, referer: http://localhost:5173/
[Wed Jul 23 07:09:03.508360 2025] [wsgi:error] [pid 17476:tid 1768] [client 94.136.187.179:65267] Not Found: /user_service/validate_auth_token/\r
[Wed Jul 23 07:09:12.711514 2025] [wsgi:error] [pid 17476:tid 1656] [client 94.136.187.179:65298] Not Found: /user_service/validate_auth_token/\r
[Wed Jul 23 07:09:12.711514 2025] [wsgi:error] [pid 17476:tid 1680] [client 94.136.187.179:65299] Not Found: /user_service/validate_auth_token/\r
[Wed Jul 23 07:09:12.711514 2025] [wsgi:error] [pid 17476:tid 1644] [client 103.177.252.85:10826] Forbidden: /customer_service/customernames/\r, referer: http://localhost:5173/
[Wed Jul 23 07:09:12.711514 2025] [wsgi:error] [pid 17476:tid 1736] [client 103.177.252.85:10824] Forbidden: /product_service/products/\r, referer: http://localhost:5173/
[Wed Jul 23 07:09:12.961518 2025] [wsgi:error] [pid 17476:tid 1656] [client 94.136.187.179:65300] Not Found: /user_service/validate_auth_token/\r
[Wed Jul 23 07:09:13.180268 2025] [wsgi:error] [pid 17476:tid 1656] [client 94.136.187.179:65301] Not Found: /user_service/validate_auth_token/\r
[Wed Jul 23 07:11:38.915007 2025] [wsgi:error] [pid 17476:tid 1640] [client 94.136.187.179:49162] Not Found: /user_service/validate_auth_token/\r
[Wed Jul 23 07:11:38.915007 2025] [wsgi:error] [pid 17476:tid 1644] [client 94.136.187.179:49164] Not Found: /user_service/validate_auth_token/\r
[Wed Jul 23 07:11:38.915007 2025] [wsgi:error] [pid 17476:tid 1704] [client 103.177.252.85:1847] Forbidden: /product_service/products/\r, referer: http://localhost:5173/
[Wed Jul 23 07:11:38.915007 2025] [wsgi:error] [pid 17476:tid 1676] [client 94.136.187.179:49163] Not Found: /user_service/validate_auth_token/\r
[Wed Jul 23 07:11:38.915007 2025] [wsgi:error] [pid 17476:tid 1756] [client 103.177.252.85:1844] Forbidden: /customer_service/customernames/\r, referer: http://localhost:5173/
[Wed Jul 23 07:11:39.336902 2025] [wsgi:error] [pid 17476:tid 1676] [client 94.136.187.179:49165] Not Found: /user_service/validate_auth_token/\r
[Wed Jul 23 07:11:41.493138 2025] [wsgi:error] [pid 17476:tid 1712] [client 94.136.187.179:49166] Not Found: /user_service/validate_auth_token/\r
[Wed Jul 23 07:11:41.493138 2025] [wsgi:error] [pid 17476:tid 1704] [client 103.177.252.85:1847] Forbidden: /product_service/products/\r, referer: http://localhost:5173/
[Wed Jul 23 07:11:41.493138 2025] [wsgi:error] [pid 17476:tid 1660] [client 94.136.187.179:49167] Not Found: /user_service/validate_auth_token/\r
[Wed Jul 23 07:11:41.493138 2025] [wsgi:error] [pid 17476:tid 1756] [client 103.177.252.85:1844] Forbidden: /customer_service/customers/\r, referer: http://localhost:5173/
[Wed Jul 23 07:11:41.540025 2025] [wsgi:error] [pid 17476:tid 1712] [client 94.136.187.179:49168] Not Found: /user_service/validate_auth_token/\r
[Wed Jul 23 07:11:41.540025 2025] [wsgi:error] [pid 17476:tid 1676] [client 103.177.252.85:1812] Forbidden: /product_service/products/\r, referer: http://localhost:5173/
[Wed Jul 23 07:11:41.540025 2025] [wsgi:error] [pid 17476:tid 1648] [client 94.136.187.179:49171] Not Found: /user_service/validate_auth_token/\r
[Wed Jul 23 07:11:41.540025 2025] [wsgi:error] [pid 17476:tid 1660] [client 94.136.187.179:49169] Not Found: /user_service/validate_auth_token/\r
[Wed Jul 23 07:11:41.540025 2025] [wsgi:error] [pid 17476:tid 1640] [client 103.177.252.85:1850] Forbidden: /delivery_service/loadpoints/\r, referer: http://localhost:5173/
[Wed Jul 23 07:11:41.540025 2025] [wsgi:error] [pid 17476:tid 1644] [client 103.177.252.85:1855] Forbidden: /customer_service/customers/\r, referer: http://localhost:5173/
[Wed Jul 23 07:11:41.540025 2025] [wsgi:error] [pid 17476:tid 1636] [client 94.136.187.179:49170] Not Found: /user_service/validate_auth_token/\r
[Wed Jul 23 07:11:41.540025 2025] [wsgi:error] [pid 17476:tid 1628] [client 94.136.187.179:49173] Not Found: /user_service/validate_auth_token/\r
[Wed Jul 23 07:11:41.555640 2025] [wsgi:error] [pid 17476:tid 1728] [client 94.136.187.179:49172] Not Found: /user_service/validate_auth_token/\r
[Wed Jul 23 07:11:41.555640 2025] [wsgi:error] [pid 17476:tid 1708] [client 103.177.252.85:1819] Forbidden: /delivery_service/incoterms/\r, referer: http://localhost:5173/
[Wed Jul 23 07:11:41.555640 2025] [wsgi:error] [pid 17476:tid 1736] [client 103.177.252.85:1852] Forbidden: /delivery_service/loadpoints/\r, referer: http://localhost:5173/
[Wed Jul 23 07:11:41.555640 2025] [wsgi:error] [pid 17476:tid 1760] [client 103.177.252.85:1818] Forbidden: /delivery_service/incoterms/\r, referer: http://localhost:5173/
[Wed Jul 23 07:11:41.977520 2025] [wsgi:error] [pid 17476:tid 1728] [client 94.136.187.179:49174] Not Found: /user_service/validate_auth_token/\r
[Wed Jul 23 07:11:42.055642 2025] [wsgi:error] [pid 17476:tid 1636] [client 94.136.187.179:49175] Not Found: /user_service/validate_auth_token/\r
[Wed Jul 23 07:11:44.555663 2025] [wsgi:error] [pid 17476:tid 1636] [client 103.177.252.85:10858] Forbidden: /user_service/logout/\r, referer: http://localhost:5173/
[Wed Jul 23 07:11:57.102549 2025] [wsgi:error] [pid 17476:tid 1656] [client 103.177.252.85:12043] Bad Request: /customer_service/get_related_address/\r, referer: http://localhost:5173/
[Wed Jul 23 07:11:57.540048 2025] [wsgi:error] [pid 17476:tid 1620] [client 94.136.187.179:49302] Not Found: /delivery_service/terms_conditions/\r
[Wed Jul 23 07:11:57.758800 2025] [wsgi:error] [pid 17476:tid 1620] [client 94.136.187.179:49333] Not Found: /delivery_service/terms_conditions/\r
[Wed Jul 23 07:11:57.774425 2025] [wsgi:error] [pid 17476:tid 1744] [client 94.136.187.179:49339] Not Found: /delivery_service/terms_conditions/\r
[Wed Jul 23 07:11:57.774425 2025] [wsgi:error] [pid 17476:tid 1636] [client 94.136.187.179:49341] Not Found: /delivery_service/terms_conditions/\r
[Wed Jul 23 07:11:57.868172 2025] [wsgi:error] [pid 17476:tid 1744] [client 94.136.187.179:49357] Not Found: /delivery_service/terms_conditions/\r
[Wed Jul 23 07:11:57.961936 2025] [wsgi:error] [pid 17476:tid 1764] [client 94.136.187.179:49373] Not Found: /delivery_service/terms_conditions/\r
[Wed Jul 23 07:11:58.024436 2025] [wsgi:error] [pid 17476:tid 1764] [client 94.136.187.179:49381] Not Found: /delivery_service/terms_conditions/\r
[Wed Jul 23 07:12:22.790107 2025] [wsgi:error] [pid 17476:tid 1712] [client 94.136.187.179:49553] Not Found: /delivery_service/terms_conditions/\r
[Wed Jul 23 07:12:57.243304 2025] [wsgi:error] [pid 17476:tid 1728] [client 103.177.252.85:12035] Bad Request: /customer_service/get_related_address/\r, referer: http://localhost:5173/
[Wed Jul 23 07:12:57.727686 2025] [wsgi:error] [pid 17476:tid 1768] [client 94.136.187.179:49728] Not Found: /delivery_service/terms_conditions/\r
[Wed Jul 23 07:12:57.899570 2025] [wsgi:error] [pid 17476:tid 1656] [client 94.136.187.179:49758] Not Found: /delivery_service/terms_conditions/\r
[Wed Jul 23 07:12:57.915187 2025] [wsgi:error] [pid 17476:tid 1768] [client 94.136.187.179:49761] Not Found: /delivery_service/terms_conditions/\r
[Wed Jul 23 07:12:57.915187 2025] [wsgi:error] [pid 17476:tid 1704] [client 94.136.187.179:49764] Not Found: /delivery_service/terms_conditions/\r
[Wed Jul 23 07:12:58.008931 2025] [wsgi:error] [pid 17476:tid 1768] [client 94.136.187.179:49779] Not Found: /delivery_service/terms_conditions/\r
[Wed Jul 23 07:12:58.102725 2025] [wsgi:error] [pid 17476:tid 1768] [client 94.136.187.179:49795] Not Found: /delivery_service/terms_conditions/\r
[Wed Jul 23 07:12:58.165210 2025] [wsgi:error] [pid 17476:tid 1744] [client 94.136.187.179:49803] Not Found: /delivery_service/terms_conditions/\r
[Wed Jul 23 07:13:03.024569 2025] [wsgi:error] [pid 17476:tid 1736] [client 94.136.187.179:49856] Not Found: /delivery_service/terms_conditions/\r
[Wed Jul 23 07:13:03.071443 2025] [wsgi:error] [pid 17476:tid 1736] [client 94.136.187.179:49862] Not Found: /delivery_service/terms_conditions/\r
[Wed Jul 23 07:13:03.118313 2025] [wsgi:error] [pid 17476:tid 1736] [client 94.136.187.179:49868] Not Found: /delivery_service/terms_conditions/\r
[Wed Jul 23 07:13:03.165213 2025] [wsgi:error] [pid 17476:tid 1736] [client 94.136.187.179:49874] Not Found: /delivery_service/terms_conditions/\r
[Wed Jul 23 07:13:03.212065 2025] [wsgi:error] [pid 17476:tid 1736] [client 94.136.187.179:49880] Not Found: /delivery_service/terms_conditions/\r
[Wed Jul 23 07:13:03.243325 2025] [wsgi:error] [pid 17476:tid 1736] [client 94.136.187.179:49886] Not Found: /delivery_service/terms_conditions/\r
[Wed Jul 23 07:13:05.024580 2025] [wsgi:error] [pid 17476:tid 1652] [client 94.136.187.179:49913] Not Found: /delivery_service/terms_conditions/\r
[Wed Jul 23 07:13:05.618322 2025] [wsgi:error] [pid 17476:tid 1652] [client 94.136.187.179:49952] Not Found: /delivery_service/terms_conditions/\r
[Wed Jul 23 07:13:12.915209 2025] [wsgi:error] [pid 17476:tid 1628] [client 94.136.187.179:49983] Not Found: /delivery_service/terms_conditions/\r
[Wed Jul 23 07:13:12.993341 2025] [wsgi:error] [pid 17476:tid 1628] [client 94.136.187.179:49993] Not Found: /delivery_service/terms_conditions/\r
[Wed Jul 23 07:13:13.040218 2025] [wsgi:error] [pid 17476:tid 1628] [client 94.136.187.179:49999] Not Found: /delivery_service/terms_conditions/\r
[Wed Jul 23 07:13:13.087112 2025] [wsgi:error] [pid 17476:tid 1628] [client 94.136.187.179:50005] Not Found: /delivery_service/terms_conditions/\r
[Wed Jul 23 07:13:13.133983 2025] [wsgi:error] [pid 17476:tid 1628] [client 94.136.187.179:50011] Not Found: /delivery_service/terms_conditions/\r
[Wed Jul 23 07:13:18.165234 2025] [wsgi:error] [pid 17476:tid 1640] [client 94.136.187.179:50071] Not Found: /delivery_service/terms_conditions/\r
[Wed Jul 23 07:13:18.180850 2025] [wsgi:error] [pid 17476:tid 1736] [client 94.136.187.179:50073] Not Found: /delivery_service/terms_conditions/\r
[Wed Jul 23 07:13:18.634086 2025] [wsgi:error] [pid 17476:tid 1720] [client 94.136.187.179:50112] Not Found: /delivery_service/terms_conditions/\r
[Wed Jul 23 07:13:18.727742 2025] [wsgi:error] [pid 17476:tid 1720] [client 94.136.187.179:50122] Not Found: /delivery_service/terms_conditions/\r
[Wed Jul 23 07:13:18.774599 2025] [wsgi:error] [pid 17476:tid 1720] [client 94.136.187.179:50128] Not Found: /delivery_service/terms_conditions/\r
[Wed Jul 23 07:13:18.821489 2025] [wsgi:error] [pid 17476:tid 1720] [client 94.136.187.179:50134] Not Found: /delivery_service/terms_conditions/\r
[Wed Jul 23 07:13:18.868359 2025] [wsgi:error] [pid 17476:tid 1720] [client 94.136.187.179:50140] Not Found: /delivery_service/terms_conditions/\r
[Wed Jul 23 07:13:28.930870 2025] [wsgi:error] [pid 17476:tid 1652] [client 94.136.187.179:50169] Not Found: /delivery_service/terms_conditions/\r
[Wed Jul 23 07:13:29.008993 2025] [wsgi:error] [pid 17476:tid 1652] [client 94.136.187.179:50179] Not Found: /delivery_service/terms_conditions/\r
[Wed Jul 23 07:13:29.055870 2025] [wsgi:error] [pid 17476:tid 1652] [client 94.136.187.179:50185] Not Found: /delivery_service/terms_conditions/\r
[Wed Jul 23 07:13:29.102744 2025] [wsgi:error] [pid 17476:tid 1652] [client 94.136.187.179:50191] Not Found: /delivery_service/terms_conditions/\r
[Wed Jul 23 07:13:29.149622 2025] [wsgi:error] [pid 17476:tid 1652] [client 94.136.187.179:50197] Not Found: /delivery_service/terms_conditions/\r
[Wed Jul 23 07:14:37.634130 2025] [wsgi:error] [pid 17476:tid 1724] [client 94.136.187.179:50625] Not Found: /delivery_service/terms_conditions/\r
[Wed Jul 23 07:14:37.712256 2025] [wsgi:error] [pid 17476:tid 1724] [client 94.136.187.179:50635] Not Found: /delivery_service/terms_conditions/\r
[Wed Jul 23 07:14:37.759130 2025] [wsgi:error] [pid 17476:tid 1724] [client 94.136.187.179:50641] Not Found: /delivery_service/terms_conditions/\r
[Wed Jul 23 07:14:37.806006 2025] [wsgi:error] [pid 17476:tid 1724] [client 94.136.187.179:50647] Not Found: /delivery_service/terms_conditions/\r
[Wed Jul 23 07:14:37.852878 2025] [wsgi:error] [pid 17476:tid 1724] [client 94.136.187.179:50653] Not Found: /delivery_service/terms_conditions/\r
[Wed Jul 23 07:14:42.259135 2025] [wsgi:error] [pid 17476:tid 1680] [client 103.177.252.85:1834] ================\r, referer: http://localhost:5173/
[Wed Jul 23 07:14:42.259135 2025] [wsgi:error] [pid 17476:tid 1680] [client 103.177.252.85:1834] \r, referer: http://localhost:5173/
[Wed Jul 23 07:14:42.259135 2025] [wsgi:error] [pid 17476:tid 1680] [client 103.177.252.85:1834]
\r, referer: http://localhost:5173/
[Wed Jul 23 07:14:42.259135 2025] [wsgi:error] [pid 17476:tid 1680] [client 103.177.252.85:1834]
Dear Customer,
\r, referer: http://localhost:5173/
[Wed Jul 23 07:14:42.259135 2025] [wsgi:error] [pid 17476:tid 1680] [client 103.177.252.85:1834]
\r, referer: http://localhost:5173/
[Wed Jul 23 07:14:42.259135 2025] [wsgi:error] [pid 17476:tid 1680] [client 103.177.252.85:1834]
Thank you for your order.
\r, referer: http://localhost:5173/
[Wed Jul 23 07:14:42.259135 2025] [wsgi:error] [pid 17476:tid 1680] [client 103.177.252.85:1834]
Please find our order confirmation and certificate of conformity in attachment.
\r, referer: http://localhost:5173/
[Wed Jul 23 07:14:42.259135 2025] [wsgi:error] [pid 17476:tid 1680] [client 103.177.252.85:1834]
If you have any questions, please contact sales@pvs.be.
\r, referer: http://localhost:5173/
[Wed Jul 23 07:14:42.259135 2025] [wsgi:error] [pid 17476:tid 1680] [client 103.177.252.85:1834]
\r, referer: http://localhost:5173/
[Wed Jul 23 07:14:42.259135 2025] [wsgi:error] [pid 17476:tid 1680] [client 103.177.252.85:1834]
Best regards,
\r, referer: http://localhost:5173/
[Wed Jul 23 07:14:42.259135 2025] [wsgi:error] [pid 17476:tid 1680] [client 103.177.252.85:1834]
PVS Chemicals Belgium
\r, referer: http://localhost:5173/
[Wed Jul 23 07:14:42.259135 2025] [wsgi:error] [pid 17476:tid 1680] [client 103.177.252.85:1834]
Pantserschipstraat 80, 9000 Gent, Belgium
\r, referer: http://localhost:5173/
[Wed Jul 23 07:14:42.259135 2025] [wsgi:error] [pid 17476:tid 1680] [client 103.177.252.85:1834] \r, referer: http://localhost:5173/
[Wed Jul 23 07:14:42.259135 2025] [wsgi:error] [pid 17476:tid 1680] [client 103.177.252.85:1834]

\r, referer: http://localhost:5173/
[Wed Jul 23 07:14:42.259135 2025] [wsgi:error] [pid 17476:tid 1680] [client 103.177.252.85:1834]
\r, referer: http://localhost:5173/
[Wed Jul 23 07:14:42.259135 2025] [wsgi:error] [pid 17476:tid 1680] [client 103.177.252.85:1834] \r, referer: http://localhost:5173/
[Wed Jul 23 07:14:42.259135 2025] [wsgi:error] [pid 17476:tid 1680] [client 103.177.252.85:1834] | Marianne Collaert | \r, referer: http://localhost:5173/
[Wed Jul 23 07:14:42.259135 2025] [wsgi:error] [pid 17476:tid 1680] [client 103.177.252.85:1834] :+32 (0)9 257 77 10 | \r, referer: http://localhost:5173/
[Wed Jul 23 07:14:42.259135 2025] [wsgi:error] [pid 17476:tid 1680] [client 103.177.252.85:1834]
\r, referer: http://localhost:5173/
[Wed Jul 23 07:14:42.259135 2025] [wsgi:error] [pid 17476:tid 1680] [client 103.177.252.85:1834] \r, referer: http://localhost:5173/
[Wed Jul 23 07:14:42.259135 2025] [wsgi:error] [pid 17476:tid 1680] [client 103.177.252.85:1834] | Jolien Fruytier | \r, referer: http://localhost:5173/
[Wed Jul 23 07:14:42.259135 2025] [wsgi:error] [pid 17476:tid 1680] [client 103.177.252.85:1834] :+32 (0)9 257 70 04 | \r, referer: http://localhost:5173/
[Wed Jul 23 07:14:42.259135 2025] [wsgi:error] [pid 17476:tid 1680] [client 103.177.252.85:1834]
\r, referer: http://localhost:5173/
[Wed Jul 23 07:14:42.259135 2025] [wsgi:error] [pid 17476:tid 1680] [client 103.177.252.85:1834] \r, referer: http://localhost:5173/
[Wed Jul 23 07:14:42.259135 2025] [wsgi:error] [pid 17476:tid 1680] [client 103.177.252.85:1834] | Isabelle Verschelde | \r, referer: http://localhost:5173/
[Wed Jul 23 07:14:42.259135 2025] [wsgi:error] [pid 17476:tid 1680] [client 103.177.252.85:1834] :+32 (0)9 257 77 11 | \r, referer: http://localhost:5173/
[Wed Jul 23 07:14:42.259135 2025] [wsgi:error] [pid 17476:tid 1680] [client 103.177.252.85:1834]
\r, referer: http://localhost:5173/
[Wed Jul 23 07:14:42.259135 2025] [wsgi:error] [pid 17476:tid 1680] [client 103.177.252.85:1834] \r, referer: http://localhost:5173/
[Wed Jul 23 07:14:42.259135 2025] [wsgi:error] [pid 17476:tid 1680] [client 103.177.252.85:1834] | Ann De Winne | \r, referer: http://localhost:5173/
[Wed Jul 23 07:14:42.259135 2025] [wsgi:error] [pid 17476:tid 1680] [client 103.177.252.85:1834] :+32 (0)9 257 77 06 | \r, referer: http://localhost:5173/
[Wed Jul 23 07:14:42.259135 2025] [wsgi:error] [pid 17476:tid 1680] [client 103.177.252.85:1834]
\r, referer: http://localhost:5173/
[Wed Jul 23 07:14:42.259135 2025] [wsgi:error] [pid 17476:tid 1680] [client 103.177.252.85:1834] \r, referer: http://localhost:5173/
[Wed Jul 23 07:14:42.259135 2025] [wsgi:error] [pid 17476:tid 1680] [client 103.177.252.85:1834] \r, referer: http://localhost:5173/
[Wed Jul 23 07:14:42.259135 2025] [wsgi:error] [pid 17476:tid 1680] [client 103.177.252.85:1834]
\r, referer: http://localhost:5173/
[Wed Jul 23 07:14:42.259135 2025] [wsgi:error] [pid 17476:tid 1680] [client 103.177.252.85:1834] , referer: http://localhost:5173/
[Wed Jul 23 07:14:42.259135 2025] [wsgi:error] [pid 17476:tid 1680] [client 103.177.252.85:1834] \r, referer: http://localhost:5173/
[Wed Jul 23 07:14:42.259135 2025] [wsgi:error] [pid 17476:tid 1680] [client 103.177.252.85:1834] ================\r, referer: http://localhost:5173/
[Wed Jul 23 07:15:42.446758 2025] [wsgi:error] [pid 17476:tid 1672] [client 103.177.252.85:17852] ================\r, referer: http://localhost:5173/
[Wed Jul 23 07:15:42.446758 2025] [wsgi:error] [pid 17476:tid 1672] [client 103.177.252.85:17852] \r, referer: http://localhost:5173/
[Wed Jul 23 07:15:42.446758 2025] [wsgi:error] [pid 17476:tid 1672] [client 103.177.252.85:17852] \r, referer: http://localhost:5173/
[Wed Jul 23 07:15:42.446758 2025] [wsgi:error] [pid 17476:tid 1672] [client 103.177.252.85:17852]
Dear Customer,
\r, referer: http://localhost:5173/
[Wed Jul 23 07:15:42.446758 2025] [wsgi:error] [pid 17476:tid 1672] [client 103.177.252.85:17852]
\r, referer: http://localhost:5173/
[Wed Jul 23 07:15:42.446758 2025] [wsgi:error] [pid 17476:tid 1672] [client 103.177.252.85:17852]
Thank you for your order.
\r, referer: http://localhost:5173/
[Wed Jul 23 07:15:42.446758 2025] [wsgi:error] [pid 17476:tid 1672] [client 103.177.252.85:17852]
Please find our order confirmation and certificate of conformity in attachment.
\r, referer: http://localhost:5173/
[Wed Jul 23 07:15:42.446758 2025] [wsgi:error] [pid 17476:tid 1672] [client 103.177.252.85:17852]
If you have any questions, please contact sales@pvs.be.
\r, referer: http://localhost:5173/
[Wed Jul 23 07:15:42.446758 2025] [wsgi:error] [pid 17476:tid 1672] [client 103.177.252.85:17852]
\r, referer: http://localhost:5173/
[Wed Jul 23 07:15:42.446758 2025] [wsgi:error] [pid 17476:tid 1672] [client 103.177.252.85:17852]
Best regards,
\r, referer: http://localhost:5173/
[Wed Jul 23 07:15:42.446758 2025] [wsgi:error] [pid 17476:tid 1672] [client 103.177.252.85:17852]
PVS Chemicals Belgium
\r, referer: http://localhost:5173/
[Wed Jul 23 07:15:42.446758 2025] [wsgi:error] [pid 17476:tid 1672] [client 103.177.252.85:17852]
Pantserschipstraat 80, 9000 Gent, Belgium
\r, referer: http://localhost:5173/
[Wed Jul 23 07:15:42.446758 2025] [wsgi:error] [pid 17476:tid 1672] [client 103.177.252.85:17852] \r, referer: http://localhost:5173/
[Wed Jul 23 07:15:42.446758 2025] [wsgi:error] [pid 17476:tid 1672] [client 103.177.252.85:17852]

\r, referer: http://localhost:5173/
[Wed Jul 23 07:15:42.446758 2025] [wsgi:error] [pid 17476:tid 1672] [client 103.177.252.85:17852]
\r, referer: http://localhost:5173/
[Wed Jul 23 07:15:42.446758 2025] [wsgi:error] [pid 17476:tid 1672] [client 103.177.252.85:17852] \r, referer: http://localhost:5173/
[Wed Jul 23 07:15:42.446758 2025] [wsgi:error] [pid 17476:tid 1672] [client 103.177.252.85:17852] | Marianne Collaert | \r, referer: http://localhost:5173/
[Wed Jul 23 07:15:42.446758 2025] [wsgi:error] [pid 17476:tid 1672] [client 103.177.252.85:17852] :+32 (0)9 257 77 10 | \r, referer: http://localhost:5173/
[Wed Jul 23 07:15:42.446758 2025] [wsgi:error] [pid 17476:tid 1672] [client 103.177.252.85:17852]
\r, referer: http://localhost:5173/
[Wed Jul 23 07:15:42.446758 2025] [wsgi:error] [pid 17476:tid 1672] [client 103.177.252.85:17852] \r, referer: http://localhost:5173/
[Wed Jul 23 07:15:42.446758 2025] [wsgi:error] [pid 17476:tid 1672] [client 103.177.252.85:17852] | Jolien Fruytier | \r, referer: http://localhost:5173/
[Wed Jul 23 07:15:42.446758 2025] [wsgi:error] [pid 17476:tid 1672] [client 103.177.252.85:17852] :+32 (0)9 257 70 04 | \r, referer: http://localhost:5173/
[Wed Jul 23 07:15:42.446758 2025] [wsgi:error] [pid 17476:tid 1672] [client 103.177.252.85:17852]
\r, referer: http://localhost:5173/
[Wed Jul 23 07:15:42.446758 2025] [wsgi:error] [pid 17476:tid 1672] [client 103.177.252.85:17852] \r, referer: http://localhost:5173/
[Wed Jul 23 07:15:42.446758 2025] [wsgi:error] [pid 17476:tid 1672] [client 103.177.252.85:17852] | Isabelle Verschelde | \r, referer: http://localhost:5173/
[Wed Jul 23 07:15:42.446758 2025] [wsgi:error] [pid 17476:tid 1672] [client 103.177.252.85:17852] :+32 (0)9 257 77 11 | \r, referer: http://localhost:5173/
[Wed Jul 23 07:15:42.446758 2025] [wsgi:error] [pid 17476:tid 1672] [client 103.177.252.85:17852]
\r, referer: http://localhost:5173/
[Wed Jul 23 07:15:42.446758 2025] [wsgi:error] [pid 17476:tid 1672] [client 103.177.252.85:17852] \r, referer: http://localhost:5173/
[Wed Jul 23 07:15:42.446758 2025] [wsgi:error] [pid 17476:tid 1672] [client 103.177.252.85:17852] | Ann De Winne | \r, referer: http://localhost:5173/
[Wed Jul 23 07:15:42.446758 2025] [wsgi:error] [pid 17476:tid 1672] [client 103.177.252.85:17852] :+32 (0)9 257 77 06 | \r, referer: http://localhost:5173/
[Wed Jul 23 07:15:42.446758 2025] [wsgi:error] [pid 17476:tid 1672] [client 103.177.252.85:17852]
\r, referer: http://localhost:5173/
[Wed Jul 23 07:15:42.446758 2025] [wsgi:error] [pid 17476:tid 1672] [client 103.177.252.85:17852] \r, referer: http://localhost:5173/
[Wed Jul 23 07:15:42.446758 2025] [wsgi:error] [pid 17476:tid 1672] [client 103.177.252.85:17852] \r, referer: http://localhost:5173/
[Wed Jul 23 07:15:42.446758 2025] [wsgi:error] [pid 17476:tid 1672] [client 103.177.252.85:17852]
\r, referer: http://localhost:5173/
[Wed Jul 23 07:15:42.446758 2025] [wsgi:error] [pid 17476:tid 1672] [client 103.177.252.85:17852] , referer: http://localhost:5173/
[Wed Jul 23 07:15:42.446758 2025] [wsgi:error] [pid 17476:tid 1672] [client 103.177.252.85:17852] \r, referer: http://localhost:5173/
[Wed Jul 23 07:15:42.446758 2025] [wsgi:error] [pid 17476:tid 1672] [client 103.177.252.85:17852] ================\r, referer: http://localhost:5173/
[Wed Jul 23 07:19:10.837752 2025] [wsgi:error] [pid 17476:tid 1744] [client 94.136.187.179:50766] Not Found: /delivery_service/terms_conditions/\r
[Wed Jul 23 07:19:10.853376 2025] [wsgi:error] [pid 17476:tid 1704] [client 94.136.187.179:50768] Not Found: /delivery_service/terms_conditions/\r
[Wed Jul 23 07:19:11.681497 2025] [wsgi:error] [pid 17476:tid 1736] [client 94.136.187.179:50840] Not Found: /delivery_service/terms_conditions/\r
[Wed Jul 23 07:19:11.712876 2025] [wsgi:error] [pid 17476:tid 1720] [client 94.136.187.179:50842] Not Found: /delivery_service/terms_conditions/\r
[Wed Jul 23 07:19:12.150248 2025] [wsgi:error] [pid 17476:tid 1724] [client 103.177.252.85:10866] Bad Request: /customer_service/get_related_address/\r, referer: http://localhost:5173/
[Wed Jul 23 07:19:12.759623 2025] [wsgi:error] [pid 17476:tid 1628] [client 94.136.187.179:50885] Not Found: /delivery_service/terms_conditions/\r
[Wed Jul 23 07:19:12.853408 2025] [wsgi:error] [pid 17476:tid 1628] [client 94.136.187.179:50895] Not Found: /delivery_service/terms_conditions/\r
[Wed Jul 23 07:19:12.900260 2025] [wsgi:error] [pid 17476:tid 1628] [client 94.136.187.179:50901] Not Found: /delivery_service/terms_conditions/\r
[Wed Jul 23 07:19:12.947128 2025] [wsgi:error] [pid 17476:tid 1628] [client 94.136.187.179:50907] Not Found: /delivery_service/terms_conditions/\r
[Wed Jul 23 07:19:13.009627 2025] [wsgi:error] [pid 17476:tid 1628] [client 94.136.187.179:50913] Not Found: /delivery_service/terms_conditions/\r
[Wed Jul 23 07:19:17.915879 2025] [wsgi:error] [pid 17476:tid 1648] [client 94.136.187.179:51042] Not Found: /delivery_service/terms_conditions/\r
[Wed Jul 23 07:19:17.931670 2025] [wsgi:error] [pid 17476:tid 1696] [client 94.136.187.179:51044] Not Found: /delivery_service/terms_conditions/\r
[Wed Jul 23 07:19:18.587754 2025] [wsgi:error] [pid 17476:tid 1656] [client 94.136.187.179:51117] Not Found: /delivery_service/terms_conditions/\r
[Wed Jul 23 07:19:18.587754 2025] [wsgi:error] [pid 17476:tid 1628] [client 94.136.187.179:51116] Not Found: /delivery_service/terms_conditions/\r
[Wed Jul 23 07:19:19.259634 2025] [wsgi:error] [pid 17476:tid 1704] [client 103.177.252.85:10816] Bad Request: /customer_service/get_related_address/\r, referer: http://localhost:5173/
[Wed Jul 23 07:19:19.665884 2025] [wsgi:error] [pid 17476:tid 1656] [client 94.136.187.179:51161] Not Found: /delivery_service/terms_conditions/\r
[Wed Jul 23 07:19:19.744008 2025] [wsgi:error] [pid 17476:tid 1656] [client 94.136.187.179:51171] Not Found: /delivery_service/terms_conditions/\r
[Wed Jul 23 07:19:19.790897 2025] [wsgi:error] [pid 17476:tid 1656] [client 94.136.187.179:51177] Not Found: /delivery_service/terms_conditions/\r
[Wed Jul 23 07:19:19.837768 2025] [wsgi:error] [pid 17476:tid 1656] [client 94.136.187.179:51183] Not Found: /delivery_service/terms_conditions/\r
[Wed Jul 23 07:19:19.869005 2025] [wsgi:error] [pid 17476:tid 1656] [client 94.136.187.179:51189] Not Found: /delivery_service/terms_conditions/\r
[Wed Jul 23 07:19:39.072171 2025] [wsgi:error] [pid 17476:tid 1648] [client 103.177.252.85:1846] Bad Request: /customer_service/get_related_address/\r, referer: http://localhost:5173/
[Wed Jul 23 07:19:39.697165 2025] [wsgi:error] [pid 17476:tid 1648] [client 94.136.187.179:51340] Not Found: /delivery_service/terms_conditions/\r
[Wed Jul 23 07:19:39.697165 2025] [wsgi:error] [pid 17476:tid 1740] [client 94.136.187.179:51338] Not Found: /delivery_service/terms_conditions/\r
[Wed Jul 23 07:19:39.869042 2025] [wsgi:error] [pid 17476:tid 1728] [client 94.136.187.179:51366] Not Found: /delivery_service/terms_conditions/\r
[Wed Jul 23 07:19:39.931541 2025] [wsgi:error] [pid 17476:tid 1708] [client 94.136.187.179:51378] Not Found: /delivery_service/terms_conditions/\r
[Wed Jul 23 07:19:40.212805 2025] [wsgi:error] [pid 17476:tid 1752] [client 94.136.187.179:51419] Not Found: /delivery_service/terms_conditions/\r
[Wed Jul 23 07:19:40.275301 2025] [wsgi:error] [pid 17476:tid 1752] [client 94.136.187.179:51429] Not Found: /delivery_service/terms_conditions/\r
[Wed Jul 23 07:19:40.322167 2025] [wsgi:error] [pid 17476:tid 1752] [client 94.136.187.179:51435] Not Found: /delivery_service/terms_conditions/\r
[Wed Jul 23 07:19:40.369045 2025] [wsgi:error] [pid 17476:tid 1752] [client 94.136.187.179:51441] Not Found: /delivery_service/terms_conditions/\r
[Wed Jul 23 07:19:40.415926 2025] [wsgi:error] [pid 17476:tid 1752] [client 94.136.187.179:51447] Not Found: /delivery_service/terms_conditions/\r
[Wed Jul 23 07:20:20.900363 2025] [wsgi:error] [pid 17476:tid 1760] [client 94.136.187.179:51602] Not Found: /delivery_service/terms_conditions/\r
[Wed Jul 23 07:21:10.666122 2025] [wsgi:error] [pid 17476:tid 1620] [client 103.177.252.85:12085] Bad Request: /customer_service/get_related_address/\r, referer: http://localhost:5173/
[Wed Jul 23 07:21:11.228681 2025] [wsgi:error] [pid 17476:tid 1620] [client 94.136.187.179:51803] Not Found: /delivery_service/terms_conditions/\r
[Wed Jul 23 07:21:11.400476 2025] [wsgi:error] [pid 17476:tid 1752] [client 94.136.187.179:51829] Not Found: /delivery_service/terms_conditions/\r
[Wed Jul 23 07:21:11.416168 2025] [wsgi:error] [pid 17476:tid 1620] [client 94.136.187.179:51831] Not Found: /delivery_service/terms_conditions/\r
[Wed Jul 23 07:21:11.478600 2025] [wsgi:error] [pid 17476:tid 1656] [client 94.136.187.179:51839] Not Found: /delivery_service/terms_conditions/\r
[Wed Jul 23 07:21:11.541098 2025] [wsgi:error] [pid 17476:tid 1620] [client 94.136.187.179:51849] Not Found: /delivery_service/terms_conditions/\r
[Wed Jul 23 07:21:11.650548 2025] [wsgi:error] [pid 17476:tid 1644] [client 94.136.187.179:51865] Not Found: /delivery_service/terms_conditions/\r
[Wed Jul 23 07:21:11.728598 2025] [wsgi:error] [pid 17476:tid 1620] [client 94.136.187.179:51875] Not Found: /delivery_service/terms_conditions/\r
[Wed Jul 23 07:21:16.634871 2025] [wsgi:error] [pid 17476:tid 1756] [client 94.136.187.179:51928] Not Found: /delivery_service/terms_conditions/\r
[Wed Jul 23 07:21:16.697479 2025] [wsgi:error] [pid 17476:tid 1756] [client 94.136.187.179:51934] Not Found: /delivery_service/terms_conditions/\r
[Wed Jul 23 07:21:16.744256 2025] [wsgi:error] [pid 17476:tid 1756] [client 94.136.187.179:51940] Not Found: /delivery_service/terms_conditions/\r
[Wed Jul 23 07:21:16.806734 2025] [wsgi:error] [pid 17476:tid 1756] [client 94.136.187.179:51946] Not Found: /delivery_service/terms_conditions/\r
[Wed Jul 23 07:21:16.853636 2025] [wsgi:error] [pid 17476:tid 1756] [client 94.136.187.179:51952] Not Found: /delivery_service/terms_conditions/\r
[Wed Jul 23 07:21:16.900487 2025] [wsgi:error] [pid 17476:tid 1756] [client 94.136.187.179:51958] Not Found: /delivery_service/terms_conditions/\r
[Wed Jul 23 07:21:21.697377 2025] [wsgi:error] [pid 17476:tid 1680] [client 94.136.187.179:51985] Not Found: /delivery_service/terms_conditions/\r
[Wed Jul 23 07:21:22.259870 2025] [wsgi:error] [pid 17476:tid 1680] [client 94.136.187.179:52024] Not Found: /delivery_service/terms_conditions/\r
[Wed Jul 23 07:21:31.791135 2025] [wsgi:error] [pid 17476:tid 1648] [client 94.136.187.179:52055] Not Found: /delivery_service/terms_conditions/\r
[Wed Jul 23 07:21:31.869265 2025] [wsgi:error] [pid 17476:tid 1648] [client 94.136.187.179:52065] Not Found: /delivery_service/terms_conditions/\r
[Wed Jul 23 07:21:31.916134 2025] [wsgi:error] [pid 17476:tid 1648] [client 94.136.187.179:52071] Not Found: /delivery_service/terms_conditions/\r
[Wed Jul 23 07:21:31.978646 2025] [wsgi:error] [pid 17476:tid 1648] [client 94.136.187.179:52077] Not Found: /delivery_service/terms_conditions/\r
[Wed Jul 23 07:21:32.025508 2025] [wsgi:error] [pid 17476:tid 1648] [client 94.136.187.179:52083] Not Found: /delivery_service/terms_conditions/\r
[Wed Jul 23 07:21:37.338019 2025] [wsgi:error] [pid 17476:tid 1724] [client 94.136.187.179:52143] Not Found: /delivery_service/terms_conditions/\r
[Wed Jul 23 07:21:37.353641 2025] [wsgi:error] [pid 17476:tid 1736] [client 94.136.187.179:52145] Not Found: /delivery_service/terms_conditions/\r
[Wed Jul 23 07:21:37.728642 2025] [wsgi:error] [pid 17476:tid 1736] [client 94.136.187.179:52184] Not Found: /delivery_service/terms_conditions/\r
[Wed Jul 23 07:21:37.806770 2025] [wsgi:error] [pid 17476:tid 1736] [client 94.136.187.179:52194] Not Found: /delivery_service/terms_conditions/\r
[Wed Jul 23 07:21:37.853656 2025] [wsgi:error] [pid 17476:tid 1736] [client 94.136.187.179:52200] Not Found: /delivery_service/terms_conditions/\r
[Wed Jul 23 07:21:37.884906 2025] [wsgi:error] [pid 17476:tid 1736] [client 94.136.187.179:52206] Not Found: /delivery_service/terms_conditions/\r
[Wed Jul 23 07:21:37.931772 2025] [wsgi:error] [pid 17476:tid 1736] [client 94.136.187.179:52212] Not Found: /delivery_service/terms_conditions/\r
[Wed Jul 23 07:23:24.791327 2025] [wsgi:error] [pid 17476:tid 1760] [client 94.136.187.179:52241] Not Found: /delivery_service/terms_conditions/\r
[Wed Jul 23 07:23:24.885085 2025] [wsgi:error] [pid 17476:tid 1760] [client 94.136.187.179:52251] Not Found: /delivery_service/terms_conditions/\r
[Wed Jul 23 07:23:24.931961 2025] [wsgi:error] [pid 17476:tid 1760] [client 94.136.187.179:52257] Not Found: /delivery_service/terms_conditions/\r
[Wed Jul 23 07:23:24.978877 2025] [wsgi:error] [pid 17476:tid 1760] [client 94.136.187.179:52263] Not Found: /delivery_service/terms_conditions/\r
[Wed Jul 23 07:23:25.041325 2025] [wsgi:error] [pid 17476:tid 1760] [client 94.136.187.179:52269] Not Found: /delivery_service/terms_conditions/\r
[Wed Jul 23 07:49:07.574378 2025] [wsgi:error] [pid 10376:tid 1728] [client 103.177.252.85:1822] Bad Request: /customer_service/get_related_address/\r, referer: http://localhost:5173/
[Wed Jul 23 07:49:08.136871 2025] [wsgi:error] [pid 10376:tid 1656] [client 94.136.187.179:56609] Not Found: /delivery_service/terms_conditions/\r
[Wed Jul 23 07:49:08.277494 2025] [wsgi:error] [pid 10376:tid 1652] [client 94.136.187.179:56629] Not Found: /delivery_service/terms_conditions/\r
[Wed Jul 23 07:49:08.324381 2025] [wsgi:error] [pid 10376:tid 1708] [client 94.136.187.179:56637] Not Found: /delivery_service/terms_conditions/\r
[Wed Jul 23 07:49:08.339992 2025] [wsgi:error] [pid 10376:tid 1688] [client 94.136.187.179:56639] Not Found: /delivery_service/terms_conditions/\r
[Wed Jul 23 07:49:08.449384 2025] [wsgi:error] [pid 10376:tid 1688] [client 94.136.187.179:56657] Not Found: /delivery_service/terms_conditions/\r
[Wed Jul 23 07:49:08.574370 2025] [wsgi:error] [pid 10376:tid 1672] [client 94.136.187.179:56671] Not Found: /delivery_service/terms_conditions/\r
[Wed Jul 23 07:49:08.636875 2025] [wsgi:error] [pid 10376:tid 1672] [client 94.136.187.179:56677] Not Found: /delivery_service/terms_conditions/\r
[Wed Jul 23 07:49:16.187405 2025] [wsgi:error] [pid 10376:tid 1736] [client 103.177.252.85:1816] Bad Request: /customer_service/get_related_address/\r, referer: http://localhost:5173/
[Wed Jul 23 07:49:16.833412 2025] [wsgi:error] [pid 10376:tid 1656] [client 94.136.187.179:56819] Not Found: /delivery_service/terms_conditions/\r
[Wed Jul 23 07:49:17.006190 2025] [wsgi:error] [pid 10376:tid 1700] [client 94.136.187.179:56845] Not Found: /delivery_service/terms_conditions/\r
[Wed Jul 23 07:49:17.021820 2025] [wsgi:error] [pid 10376:tid 1740] [client 94.136.187.179:56849] Not Found: /delivery_service/terms_conditions/\r
[Wed Jul 23 07:49:17.053069 2025] [wsgi:error] [pid 10376:tid 1696] [client 94.136.187.179:56853] Not Found: /delivery_service/terms_conditions/\r
[Wed Jul 23 07:49:17.131195 2025] [wsgi:error] [pid 10376:tid 1676] [client 94.136.187.179:56867] Not Found: /delivery_service/terms_conditions/\r
[Wed Jul 23 07:49:17.252541 2025] [wsgi:error] [pid 10376:tid 1732] [client 94.136.187.179:56883] Not Found: /delivery_service/terms_conditions/\r
[Wed Jul 23 07:49:17.313076 2025] [wsgi:error] [pid 10376:tid 1732] [client 94.136.187.179:56891] Not Found: /delivery_service/terms_conditions/\r
[Wed Jul 23 07:49:27.570208 2025] [wsgi:error] [pid 20456:tid 3460] [client 94.136.187.179:57038] Not Found: /delivery_service/terms_conditions/\r
[Wed Jul 23 07:49:27.572086 2025] [wsgi:error] [pid 20456:tid 1184] [client 94.136.187.179:57036] Not Found: /delivery_service/terms_conditions/\r
[Wed Jul 23 07:49:27.577265 2025] [wsgi:error] [pid 20456:tid 3456] [client 94.136.187.179:57042] Not Found: /delivery_service/terms_conditions/\r
[Wed Jul 23 07:49:27.592899 2025] [wsgi:error] [pid 20456:tid 2264] [client 94.136.187.179:57040] Not Found: /delivery_service/terms_conditions/\r
[Wed Jul 23 07:49:27.983513 2025] [wsgi:error] [pid 20456:tid 1384] [client 94.136.187.179:57108] Not Found: /delivery_service/terms_conditions/\r
[Wed Jul 23 07:49:28.030386 2025] [wsgi:error] [pid 20456:tid 1384] [client 94.136.187.179:57114] Not Found: /delivery_service/terms_conditions/\r
[Wed Jul 23 07:49:28.061641 2025] [wsgi:error] [pid 20456:tid 1384] [client 94.136.187.179:57120] Not Found: /delivery_service/terms_conditions/\r
[Wed Jul 23 07:49:28.108511 2025] [wsgi:error] [pid 20456:tid 1384] [client 94.136.187.179:57126] Not Found: /delivery_service/terms_conditions/\r
[Wed Jul 23 07:49:28.155389 2025] [wsgi:error] [pid 20456:tid 1276] [client 94.136.187.179:57134] Not Found: /delivery_service/terms_conditions/\r
[Wed Jul 23 07:49:28.217888 2025] [wsgi:error] [pid 20456:tid 1172] [client 94.136.187.179:57145] Not Found: /delivery_service/terms_conditions/\r
[Wed Jul 23 07:49:28.358513 2025] [wsgi:error] [pid 20456:tid 1172] [client 94.136.187.179:57165] Not Found: /delivery_service/terms_conditions/\r
[Wed Jul 23 07:49:28.671014 2025] [wsgi:error] [pid 20456:tid 2928] [client 94.136.187.179:57204] Not Found: /delivery_service/terms_conditions/\r
[Wed Jul 23 07:49:33.092902 2025] [wsgi:error] [pid 20456:tid 4052] [client 94.136.187.179:57236] Not Found: /delivery_service/terms_conditions/\r
[Wed Jul 23 07:49:33.186655 2025] [wsgi:error] [pid 20456:tid 4052] [client 94.136.187.179:57246] Not Found: /delivery_service/terms_conditions/\r
[Wed Jul 23 07:49:33.233524 2025] [wsgi:error] [pid 20456:tid 4052] [client 94.136.187.179:57252] Not Found: /delivery_service/terms_conditions/\r
[Wed Jul 23 07:49:33.296023 2025] [wsgi:error] [pid 20456:tid 4052] [client 94.136.187.179:57258] Not Found: /delivery_service/terms_conditions/\r
[Wed Jul 23 07:49:33.342901 2025] [wsgi:error] [pid 20456:tid 4052] [client 94.136.187.179:57264] Not Found: /delivery_service/terms_conditions/\r
[Wed Jul 23 07:49:37.358532 2025] [wsgi:error] [pid 20456:tid 2928] [client 94.136.187.179:57325] Not Found: /delivery_service/terms_conditions/\r
[Wed Jul 23 07:49:37.358532 2025] [wsgi:error] [pid 20456:tid 1284] [client 94.136.187.179:57324] Not Found: /delivery_service/terms_conditions/\r
[Wed Jul 23 07:49:37.874157 2025] [wsgi:error] [pid 20456:tid 1284] [client 94.136.187.179:57365] Not Found: /delivery_service/terms_conditions/\r
[Wed Jul 23 07:49:37.952282 2025] [wsgi:error] [pid 20456:tid 1284] [client 94.136.187.179:57375] Not Found: /delivery_service/terms_conditions/\r
[Wed Jul 23 07:49:37.999172 2025] [wsgi:error] [pid 20456:tid 1284] [client 94.136.187.179:57381] Not Found: /delivery_service/terms_conditions/\r
[Wed Jul 23 07:49:38.046032 2025] [wsgi:error] [pid 20456:tid 1284] [client 94.136.187.179:57387] Not Found: /delivery_service/terms_conditions/\r
[Wed Jul 23 07:49:38.092905 2025] [wsgi:error] [pid 20456:tid 1284] [client 94.136.187.179:57393] Not Found: /delivery_service/terms_conditions/\r
[Wed Jul 23 07:49:47.061698 2025] [wsgi:error] [pid 20456:tid 3248] [client 94.136.187.179:57423] Not Found: /delivery_service/terms_conditions/\r
[Wed Jul 23 07:49:47.139811 2025] [wsgi:error] [pid 20456:tid 3248] [client 94.136.187.179:57433] Not Found: /delivery_service/terms_conditions/\r
[Wed Jul 23 07:49:47.186691 2025] [wsgi:error] [pid 20456:tid 3248] [client 94.136.187.179:57439] Not Found: /delivery_service/terms_conditions/\r
[Wed Jul 23 07:49:47.233550 2025] [wsgi:error] [pid 20456:tid 3248] [client 94.136.187.179:57446] Not Found: /delivery_service/terms_conditions/\r
[Wed Jul 23 07:49:47.280422 2025] [wsgi:error] [pid 20456:tid 3248] [client 94.136.187.179:57452] Not Found: /delivery_service/terms_conditions/\r
[Wed Jul 23 07:50:39.280520 2025] [wsgi:error] [pid 20456:tid 1152] [client 103.177.252.85:10816] Bad Request: /customer_service/get_related_address/\r, referer: http://localhost:5173/
[Wed Jul 23 07:50:39.608648 2025] [wsgi:error] [pid 20456:tid 1152] [client 94.136.187.179:57555] Not Found: /delivery_service/terms_conditions/\r
[Wed Jul 23 07:50:39.827402 2025] [wsgi:error] [pid 20456:tid 1152] [client 94.136.187.179:57586] Not Found: /delivery_service/terms_conditions/\r
[Wed Jul 23 07:50:39.936780 2025] [wsgi:error] [pid 20456:tid 1176] [client 94.136.187.179:57599] Not Found: /delivery_service/terms_conditions/\r
[Wed Jul 23 07:50:39.999292 2025] [wsgi:error] [pid 20456:tid 1140] [client 94.136.187.179:57606] Not Found: /delivery_service/terms_conditions/\r
[Wed Jul 23 07:50:40.014907 2025] [wsgi:error] [pid 20456:tid 3104] [client 94.136.187.179:57609] Not Found: /delivery_service/terms_conditions/\r
[Wed Jul 23 07:50:40.139898 2025] [wsgi:error] [pid 20456:tid 1176] [client 94.136.187.179:57625] Not Found: /delivery_service/terms_conditions/\r
[Wed Jul 23 07:50:40.249284 2025] [wsgi:error] [pid 20456:tid 1140] [client 94.136.187.179:57639] Not Found: /delivery_service/terms_conditions/\r
