[Wed Jul 23 13:11:12.557399 2025] [wsgi:error] [pid 18852:tid 1640] [client 94.136.187.179:55089] Not Found: /delivery_service/terms_conditions/\r
[Wed Jul 23 13:11:12.604294 2025] [wsgi:error] [pid 18852:tid 1640] [client 94.136.187.179:55095] Not Found: /delivery_service/terms_conditions/\r
[Wed Jul 23 19:04:27.183433 2025] [wsgi:error] [pid 18740:tid 1712] [client 94.136.187.179:56465] Not Found: /delivery_service/terms_conditions/\r
[Wed Jul 23 19:04:27.183433 2025] [wsgi:error] [pid 18740:tid 1620] [client 94.136.187.179:56463] Not Found: /delivery_service/terms_conditions/\r
[Wed Jul 23 19:04:27.652185 2025] [wsgi:error] [pid 18740:tid 1616] [client 94.136.187.179:56537] Not Found: /delivery_service/terms_conditions/\r
[Wed Jul 23 19:04:27.714683 2025] [wsgi:error] [pid 18740:tid 1672] [client 94.136.187.179:56547] Not Found: /delivery_service/terms_conditions/\r
[Wed Jul 23 19:04:27.964688 2025] [wsgi:error] [pid 18740:tid 1752] [client 103.177.252.85:10886] Bad Request: /customer_service/get_related_address/\r, referer: http://localhost:5173/
[Wed Jul 23 19:04:28.511558 2025] [wsgi:error] [pid 18740:tid 1648] [client 94.136.187.179:56587] Not Found: /delivery_service/terms_conditions/\r
[Wed Jul 23 19:04:28.574059 2025] [wsgi:error] [pid 18740:tid 1648] [client 94.136.187.179:56597] Not Found: /delivery_service/terms_conditions/\r
[Wed Jul 23 19:04:28.620937 2025] [wsgi:error] [pid 18740:tid 1648] [client 94.136.187.179:56603] Not Found: /delivery_service/terms_conditions/\r
[Wed Jul 23 19:04:28.683441 2025] [wsgi:error] [pid 18740:tid 1648] [client 94.136.187.179:56609] Not Found: /delivery_service/terms_conditions/\r
[Wed Jul 23 19:04:28.745934 2025] [wsgi:error] [pid 18740:tid 1648] [client 94.136.187.179:56615] Not Found: /delivery_service/terms_conditions/\r
[Thu Jul 24 06:27:56.752631 2025] [wsgi:error] [pid 18740:tid 1556] [client 103.177.252.85:14358] Bad Request: /customer_service/get_related_address/\r, referer: http://localhost:5173/
[Thu Jul 24 06:27:57.393240 2025] [wsgi:error] [pid 18740:tid 1676] [client 94.136.187.179:62574] Not Found: /delivery_service/terms_conditions/\r
[Thu Jul 24 06:27:57.393240 2025] [wsgi:error] [pid 18740:tid 1672] [client 94.136.187.179:62575] Not Found: /delivery_service/terms_conditions/\r
[Thu Jul 24 06:27:57.471356 2025] [wsgi:error] [pid 18740:tid 1756] [client 94.136.187.179:62585] Not Found: /delivery_service/terms_conditions/\r
[Thu Jul 24 06:27:57.611984 2025] [wsgi:error] [pid 18740:tid 1740] [client 94.136.187.179:62608] Not Found: /delivery_service/terms_conditions/\r
[Thu Jul 24 06:27:57.971361 2025] [wsgi:error] [pid 18740:tid 1672] [client 94.136.187.179:62649] Not Found: /delivery_service/terms_conditions/\r
[Thu Jul 24 06:27:58.065151 2025] [wsgi:error] [pid 18740:tid 1672] [client 94.136.187.179:62659] Not Found: /delivery_service/terms_conditions/\r
[Thu Jul 24 06:27:58.127613 2025] [wsgi:error] [pid 18740:tid 1672] [client 94.136.187.179:62665] Not Found: /delivery_service/terms_conditions/\r
[Thu Jul 24 06:27:58.190112 2025] [wsgi:error] [pid 18740:tid 1672] [client 94.136.187.179:62671] Not Found: /delivery_service/terms_conditions/\r
[Thu Jul 24 06:27:58.236988 2025] [wsgi:error] [pid 18740:tid 1672] [client 94.136.187.179:62677] Not Found: /delivery_service/terms_conditions/\r
[Tue Jul 29 19:23:46.404219 2025] [wsgi:error] [pid 42920:tid 1296] [client 94.136.187.179:64091] Forbidden: /product_service/\r
[Tue Jul 29 19:24:32.555261 2025] [wsgi:error] [pid 42920:tid 1296] [client 152.58.217.104:54986] Forbidden: /product_service/\r
[Wed Jul 30 03:43:20.139466 2025] [wsgi:error] [pid 42920:tid 1164] [client 94.136.187.179:64241] Not Found: /user_service/validate_auth_token/\r
[Wed Jul 30 03:43:20.139466 2025] [wsgi:error] [pid 42920:tid 1160] [client 94.136.187.179:64242] Not Found: /user_service/validate_auth_token/\r
[Wed Jul 30 03:43:20.155098 2025] [wsgi:error] [pid 42920:tid 1288] [client 157.46.11.228:50208] Forbidden: /customer_service/customers/\r, referer: http://localhost:5173/
[Wed Jul 30 03:43:20.155098 2025] [wsgi:error] [pid 42920:tid 1172] [client 94.136.187.179:64240] Not Found: /user_service/validate_auth_token/\r
[Wed Jul 30 03:43:20.155098 2025] [wsgi:error] [pid 42920:tid 1216] [client 94.136.187.179:64234] Not Found: /user_service/validate_auth_token/\r
[Wed Jul 30 03:43:20.155098 2025] [wsgi:error] [pid 42920:tid 1204] [client 94.136.187.179:64236] Not Found: /user_service/validate_auth_token/\r
[Wed Jul 30 03:43:20.155098 2025] [wsgi:error] [pid 42920:tid 1180] [client 94.136.187.179:64239] Not Found: /user_service/validate_auth_token/\r
[Wed Jul 30 03:43:20.155098 2025] [wsgi:error] [pid 42920:tid 1244] [client 157.46.11.228:50206] Forbidden: /delivery_service/loadpoints/\r, referer: http://localhost:5173/
[Wed Jul 30 03:43:20.155098 2025] [wsgi:error] [pid 42920:tid 1248] [client 157.46.11.228:50209] Forbidden: /product_service/products/\r, referer: http://localhost:5173/
[Wed Jul 30 03:43:20.155098 2025] [wsgi:error] [pid 42920:tid 1224] [client 94.136.187.179:64233] Not Found: /user_service/validate_auth_token/\r
[Wed Jul 30 03:43:20.155098 2025] [wsgi:error] [pid 42920:tid 1296] [client 157.46.11.228:50204] Forbidden: /customer_service/customers/\r, referer: http://localhost:5173/
[Wed Jul 30 03:43:20.155098 2025] [wsgi:error] [pid 42920:tid 1260] [client 157.46.11.228:50211] Forbidden: /delivery_service/incoterms/\r, referer: http://localhost:5173/
[Wed Jul 30 03:43:20.155098 2025] [wsgi:error] [pid 42920:tid 1232] [client 94.136.187.179:64231] Not Found: /user_service/validate_auth_token/\r
[Wed Jul 30 03:43:20.170716 2025] [wsgi:error] [pid 42920:tid 1280] [client 157.46.11.228:50207] Forbidden: /delivery_service/incoterms/\r, referer: http://localhost:5173/
[Wed Jul 30 03:43:20.170716 2025] [wsgi:error] [pid 42920:tid 1184] [client 94.136.187.179:64238] Not Found: /user_service/validate_auth_token/\r
[Wed Jul 30 03:43:20.170716 2025] [wsgi:error] [pid 42920:tid 1192] [client 94.136.187.179:64237] Not Found: /user_service/validate_auth_token/\r
[Wed Jul 30 03:43:20.170716 2025] [wsgi:error] [pid 42920:tid 1272] [client 157.46.11.228:50205] Forbidden: /product_service/products/\r, referer: http://localhost:5173/
[Wed Jul 30 03:43:20.170716 2025] [wsgi:error] [pid 42920:tid 1256] [client 157.46.11.228:50210] Forbidden: /delivery_service/loadpoints/\r, referer: http://localhost:5173/
[Wed Jul 30 05:25:15.527993 2025] [wsgi:error] [pid 42920:tid 1180] [client 94.136.187.179:64281] Not Found: /user_service/validate_auth_token/\r
[Wed Jul 30 05:25:15.543616 2025] [wsgi:error] [pid 42920:tid 1240] [client 94.136.187.179:64275] Not Found: /user_service/validate_auth_token/\r
[Wed Jul 30 05:25:15.543616 2025] [wsgi:error] [pid 42920:tid 1192] [client 94.136.187.179:64277] Not Found: /user_service/validate_auth_token/\r
[Wed Jul 30 05:25:15.543616 2025] [wsgi:error] [pid 42920:tid 1280] [client 157.46.11.228:54771] Forbidden: /customer_service/customers/\r, referer: http://localhost:5173/
[Wed Jul 30 05:25:15.543616 2025] [wsgi:error] [pid 42920:tid 1296] [client 157.46.11.228:54773] Forbidden: /delivery_service/incoterms/\r, referer: http://localhost:5173/
[Wed Jul 30 05:25:15.543616 2025] [wsgi:error] [pid 42920:tid 1236] [client 94.136.187.179:64276] Not Found: /user_service/validate_auth_token/\r
[Wed Jul 30 05:25:15.543616 2025] [wsgi:error] [pid 42920:tid 1256] [client 157.46.11.228:54768] Forbidden: /product_service/products/\r, referer: http://localhost:5173/
[Wed Jul 30 05:25:15.543616 2025] [wsgi:error] [pid 42920:tid 1184] [client 94.136.187.179:64278] Not Found: /user_service/validate_auth_token/\r
[Wed Jul 30 05:25:15.543616 2025] [wsgi:error] [pid 42920:tid 1260] [client 157.46.11.228:54767] Forbidden: /customer_service/customers/\r, referer: http://localhost:5173/
[Wed Jul 30 05:25:15.543616 2025] [wsgi:error] [pid 42920:tid 1224] [client 94.136.187.179:64280] Not Found: /user_service/validate_auth_token/\r
[Wed Jul 30 05:25:15.543616 2025] [wsgi:error] [pid 42920:tid 1232] [client 94.136.187.179:64279] Not Found: /user_service/validate_auth_token/\r
[Wed Jul 30 05:25:15.543616 2025] [wsgi:error] [pid 42920:tid 1272] [client 157.46.11.228:54770] Forbidden: /delivery_service/incoterms/\r, referer: http://localhost:5173/
[Wed Jul 30 05:25:15.543616 2025] [wsgi:error] [pid 42920:tid 1172] [client 94.136.187.179:64282] Not Found: /user_service/validate_auth_token/\r
[Wed Jul 30 05:25:15.559259 2025] [wsgi:error] [pid 42920:tid 1248] [client 157.46.11.228:54769] Forbidden: /delivery_service/loadpoints/\r, referer: http://localhost:5173/
[Wed Jul 30 05:25:15.559259 2025] [wsgi:error] [pid 42920:tid 1288] [client 157.46.11.228:54772] Forbidden: /product_service/products/\r, referer: http://localhost:5173/
[Wed Jul 30 05:25:15.559259 2025] [wsgi:error] [pid 42920:tid 1244] [client 157.46.11.228:54774] Forbidden: /delivery_service/loadpoints/\r, referer: http://localhost:5173/
[Wed Jul 30 05:25:16.575054 2025] [wsgi:error] [pid 42920:tid 1232] [client 94.136.187.179:64283] Not Found: /user_service/validate_auth_token/\r
[Wed Jul 30 05:25:16.606131 2025] [wsgi:error] [pid 42920:tid 1232] [client 94.136.187.179:64284] Not Found: /user_service/validate_auth_token/\r
[Fri Aug 01 07:10:36.271701 2025] [wsgi:error] [pid 53968:tid 1236] [client 111.92.112.163:61039] Bad Request: /customer_service/get_related_address/\r, referer: http://localhost:3030/
[Fri Aug 01 07:10:36.943637 2025] [wsgi:error] [pid 53968:tid 1184] [client 94.136.187.179:58539] Not Found: /delivery_service/terms_conditions/\r
[Fri Aug 01 07:10:37.162387 2025] [wsgi:error] [pid 53968:tid 1184] [client 94.136.187.179:58567] Not Found: /delivery_service/terms_conditions/\r
[Fri Aug 01 07:10:37.162387 2025] [wsgi:error] [pid 53968:tid 1256] [client 94.136.187.179:58569] Not Found: /delivery_service/terms_conditions/\r
[Fri Aug 01 07:10:37.193639 2025] [wsgi:error] [pid 53968:tid 1252] [client 94.136.187.179:58571] Not Found: /delivery_service/terms_conditions/\r
[Fri Aug 01 07:10:37.287411 2025] [wsgi:error] [pid 53968:tid 1256] [client 94.136.187.179:58586] Not Found: /delivery_service/terms_conditions/\r
[Fri Aug 01 07:10:37.412469 2025] [wsgi:error] [pid 53968:tid 1276] [client 94.136.187.179:58604] Not Found: /delivery_service/terms_conditions/\r
[Fri Aug 01 07:10:37.490513 2025] [wsgi:error] [pid 53968:tid 1276] [client 94.136.187.179:58612] Not Found: /delivery_service/terms_conditions/\r
[Fri Aug 01 07:16:08.304602 2025] [wsgi:error] [pid 53968:tid 1264] [client 111.92.112.163:63485] Bad Request: /customer_service/get_related_address/\r, referer: http://localhost:3030/
[Fri Aug 01 07:16:08.891854 2025] [wsgi:error] [pid 53968:tid 1196] [client 94.136.187.179:58767] Not Found: /delivery_service/terms_conditions/\r
[Fri Aug 01 07:16:09.085115 2025] [wsgi:error] [pid 53968:tid 1236] [client 94.136.187.179:58791] Not Found: /delivery_service/terms_conditions/\r
[Fri Aug 01 07:16:09.102550 2025] [wsgi:error] [pid 53968:tid 1196] [client 94.136.187.179:58794] Not Found: /delivery_service/terms_conditions/\r
[Fri Aug 01 07:16:09.104549 2025] [wsgi:error] [pid 53968:tid 1200] [client 94.136.187.179:58796] Not Found: /delivery_service/terms_conditions/\r
[Fri Aug 01 07:16:09.203968 2025] [wsgi:error] [pid 53968:tid 1300] [client 94.136.187.179:58812] Not Found: /delivery_service/terms_conditions/\r
[Fri Aug 01 07:16:09.315222 2025] [wsgi:error] [pid 53968:tid 1252] [client 94.136.187.179:58828] Not Found: /delivery_service/terms_conditions/\r
[Fri Aug 01 07:16:09.376255 2025] [wsgi:error] [pid 53968:tid 1252] [client 94.136.187.179:58836] Not Found: /delivery_service/terms_conditions/\r
[Fri Aug 01 07:23:33.470997 2025] [wsgi:error] [pid 53968:tid 1288] [client 111.92.112.163:63964] Bad Request: /customer_service/get_related_address/\r, referer: http://localhost:3030/
[Fri Aug 01 07:23:34.080374 2025] [wsgi:error] [pid 53968:tid 1284] [client 94.136.187.179:59012] Not Found: /delivery_service/terms_conditions/\r
[Fri Aug 01 07:23:34.221000 2025] [wsgi:error] [pid 53968:tid 1180] [client 94.136.187.179:59032] Not Found: /delivery_service/terms_conditions/\r
[Fri Aug 01 07:23:34.267874 2025] [wsgi:error] [pid 53968:tid 1284] [client 94.136.187.179:59038] Not Found: /delivery_service/terms_conditions/\r
[Fri Aug 01 07:23:34.267874 2025] [wsgi:error] [pid 53968:tid 1192] [client 94.136.187.179:59040] Not Found: /delivery_service/terms_conditions/\r
[Fri Aug 01 07:23:34.392875 2025] [wsgi:error] [pid 53968:tid 1284] [client 94.136.187.179:59060] Not Found: /delivery_service/terms_conditions/\r
[Fri Aug 01 07:23:34.470997 2025] [wsgi:error] [pid 53968:tid 1192] [client 94.136.187.179:59072] Not Found: /delivery_service/terms_conditions/\r
[Fri Aug 01 07:23:34.564755 2025] [wsgi:error] [pid 53968:tid 1192] [client 94.136.187.179:59080] Not Found: /delivery_service/terms_conditions/\r
[Fri Aug 01 07:23:42.314953 2025] [wsgi:error] [pid 53968:tid 1308] [client 111.92.112.163:65015] {'loadpoint_id': 1}\r, referer: http://localhost:3030/
[Fri Aug 01 07:23:42.471222 2025] [wsgi:error] [pid 53968:tid 1308] [client 111.92.112.163:65015] {'loadpoint_id': 1}\r, referer: http://localhost:3030/
[Fri Aug 01 07:23:42.627452 2025] [wsgi:error] [pid 53968:tid 1252] [client 94.136.187.179:59185] Not Found: /delivery_service/terms_conditions/\r
[Fri Aug 01 07:23:42.736831 2025] [wsgi:error] [pid 53968:tid 1252] [client 94.136.187.179:59199] Not Found: /delivery_service/terms_conditions/\r
[Fri Aug 01 07:23:46.065148 2025] [wsgi:error] [pid 53968:tid 1248] [client 111.92.112.163:62740] {'loadpoint_id': 1}\r, referer: http://localhost:3030/
[Fri Aug 01 07:23:46.143278 2025] [wsgi:error] [pid 53968:tid 1248] [client 111.92.112.163:62740] {'loadpoint_id': 1}\r, referer: http://localhost:3030/
[Fri Aug 01 07:24:30.205894 2025] [wsgi:error] [pid 53968:tid 1244] [client 111.92.112.163:63632] {'loadpoint_id': 1}\r, referer: http://localhost:3030/
[Fri Aug 01 07:24:30.299658 2025] [wsgi:error] [pid 53968:tid 1244] [client 111.92.112.163:63632] {'loadpoint_id': 1}\r, referer: http://localhost:3030/
[Fri Aug 01 07:24:40.596634 2025] [wsgi:error] [pid 53968:tid 1244] [client 111.92.112.163:64508] {'loadpoint_id': 1}\r, referer: http://localhost:3030/
[Fri Aug 01 07:24:40.690387 2025] [wsgi:error] [pid 53968:tid 1244] [client 111.92.112.163:64508] {'loadpoint_id': 1}\r, referer: http://localhost:3030/
[Fri Aug 01 07:24:40.987266 2025] [wsgi:error] [pid 53968:tid 1244] [client 111.92.112.163:64508] {'loadpoint_id': 1}\r, referer: http://localhost:3030/
[Fri Aug 01 07:24:41.065395 2025] [wsgi:error] [pid 53968:tid 1244] [client 111.92.112.163:64508] {'loadpoint_id': 1}\r, referer: http://localhost:3030/
[Fri Aug 01 07:28:41.853683 2025] [wsgi:error] [pid 53968:tid 1252] [client 111.92.112.163:63777] Bad Request: /customer_service/get_related_address/\r, referer: http://localhost:3030/
[Fri Aug 01 07:28:42.619312 2025] [wsgi:error] [pid 53968:tid 1288] [client 94.136.187.179:59435] Not Found: /delivery_service/terms_conditions/\r
[Fri Aug 01 07:28:42.634935 2025] [wsgi:error] [pid 53968:tid 1228] [client 94.136.187.179:59439] Not Found: /delivery_service/terms_conditions/\r
[Fri Aug 01 07:29:46.588946 2025] [wsgi:error] [pid 53968:tid 1244] [client 111.92.112.163:64557] Bad Request: /customer_service/get_related_address/\r, referer: http://localhost:3030/
[Fri Aug 01 07:29:47.245199 2025] [wsgi:error] [pid 53968:tid 1308] [client 94.136.187.179:59611] Not Found: /delivery_service/terms_conditions/\r
[Fri Aug 01 07:29:47.276449 2025] [wsgi:error] [pid 53968:tid 1216] [client 94.136.187.179:59615] Not Found: /delivery_service/terms_conditions/\r
[Fri Aug 01 07:30:32.714052 2025] [wsgi:error] [pid 53968:tid 1240] [client 111.92.112.163:63169] Bad Request: /customer_service/get_related_address/\r, referer: http://localhost:3030/
[Fri Aug 01 07:30:33.417263 2025] [wsgi:error] [pid 53968:tid 1268] [client 94.136.187.179:59787] Not Found: /delivery_service/terms_conditions/\r
[Fri Aug 01 07:30:33.573443 2025] [wsgi:error] [pid 53968:tid 1188] [client 94.136.187.179:59805] Not Found: /delivery_service/terms_conditions/\r
[Fri Aug 01 07:30:33.604681 2025] [wsgi:error] [pid 53968:tid 1268] [client 94.136.187.179:59809] Not Found: /delivery_service/terms_conditions/\r
[Fri Aug 01 07:30:33.698540 2025] [wsgi:error] [pid 53968:tid 1284] [client 94.136.187.179:59819] Not Found: /delivery_service/terms_conditions/\r
[Fri Aug 01 07:30:33.854720 2025] [wsgi:error] [pid 53968:tid 1284] [client 94.136.187.179:59835] Not Found: /delivery_service/terms_conditions/\r
[Fri Aug 01 07:30:33.964087 2025] [wsgi:error] [pid 53968:tid 1284] [client 94.136.187.179:59847] Not Found: /delivery_service/terms_conditions/\r
[Fri Aug 01 07:30:34.010935 2025] [wsgi:error] [pid 53968:tid 1284] [client 94.136.187.179:59853] Not Found: /delivery_service/terms_conditions/\r
[Fri Aug 01 07:30:38.292941 2025] [wsgi:error] [pid 53968:tid 1268] [client 94.136.187.179:59929] Not Found: /delivery_service/terms_conditions/\r
[Fri Aug 01 07:30:38.620631 2025] [wsgi:error] [pid 53968:tid 1268] [client 94.136.187.179:59958] Not Found: /delivery_service/terms_conditions/\r
[Fri Aug 01 07:30:38.761261 2025] [wsgi:error] [pid 53968:tid 1180] [client 94.136.187.179:59970] Not Found: /delivery_service/terms_conditions/\r
[Fri Aug 01 07:30:38.917520 2025] [wsgi:error] [pid 53968:tid 1248] [client 94.136.187.179:59984] Not Found: /delivery_service/terms_conditions/\r
[Fri Aug 01 07:30:39.058137 2025] [wsgi:error] [pid 53968:tid 1248] [client 94.136.187.179:59999] Not Found: /delivery_service/terms_conditions/\r
[Fri Aug 01 07:30:39.183131 2025] [wsgi:error] [pid 53968:tid 1312] [client 94.136.187.179:60015] Not Found: /delivery_service/terms_conditions/\r
[Fri Aug 01 07:30:39.339387 2025] [wsgi:error] [pid 53968:tid 1180] [client 94.136.187.179:60029] Not Found: /delivery_service/terms_conditions/\r
[Fri Aug 01 07:30:39.495673 2025] [wsgi:error] [pid 53968:tid 1208] [client 94.136.187.179:60047] Not Found: /delivery_service/terms_conditions/\r
[Fri Aug 01 07:30:39.761269 2025] [wsgi:error] [pid 53968:tid 1208] [client 94.136.187.179:60077] Not Found: /delivery_service/terms_conditions/\r
[Fri Aug 01 07:30:40.558149 2025] [wsgi:error] [pid 53968:tid 1196] [client 94.136.187.179:60133] Not Found: /delivery_service/terms_conditions/\r
[Fri Aug 01 07:30:40.620648 2025] [wsgi:error] [pid 53968:tid 1196] [client 94.136.187.179:60139] Not Found: /delivery_service/terms_conditions/\r
[Fri Aug 01 07:30:40.667512 2025] [wsgi:error] [pid 53968:tid 1196] [client 94.136.187.179:60145] Not Found: /delivery_service/terms_conditions/\r
[Fri Aug 01 07:30:40.730009 2025] [wsgi:error] [pid 53968:tid 1196] [client 94.136.187.179:60151] Not Found: /delivery_service/terms_conditions/\r
[Fri Aug 01 07:30:40.792514 2025] [wsgi:error] [pid 53968:tid 1196] [client 94.136.187.179:60157] Not Found: /delivery_service/terms_conditions/\r
[Fri Aug 01 07:30:40.855029 2025] [wsgi:error] [pid 53968:tid 1196] [client 94.136.187.179:60163] Not Found: /delivery_service/terms_conditions/\r
[Fri Aug 01 07:30:42.401889 2025] [wsgi:error] [pid 53968:tid 1196] [client 94.136.187.179:60190] Not Found: /delivery_service/terms_conditions/\r
[Fri Aug 01 07:30:43.011267 2025] [wsgi:error] [pid 53968:tid 1220] [client 94.136.187.179:60229] Not Found: /delivery_service/terms_conditions/\r
[Fri Aug 01 07:30:43.308144 2025] [wsgi:error] [pid 53968:tid 1288] [client 94.136.187.179:60260] Not Found: /delivery_service/terms_conditions/\r
[Fri Aug 01 07:30:43.417520 2025] [wsgi:error] [pid 53968:tid 1288] [client 94.136.187.179:60270] Not Found: /delivery_service/terms_conditions/\r
[Fri Aug 01 07:30:43.480030 2025] [wsgi:error] [pid 53968:tid 1288] [client 94.136.187.179:60276] Not Found: /delivery_service/terms_conditions/\r
[Fri Aug 01 07:30:43.542526 2025] [wsgi:error] [pid 53968:tid 1288] [client 94.136.187.179:60282] Not Found: /delivery_service/terms_conditions/\r
[Fri Aug 01 07:30:43.620680 2025] [wsgi:error] [pid 53968:tid 1288] [client 94.136.187.179:60288] Not Found: /delivery_service/terms_conditions/\r
[Fri Aug 01 07:30:44.448772 2025] [wsgi:error] [pid 53968:tid 1220] [client 94.136.187.179:60341] Not Found: /delivery_service/terms_conditions/\r
[Fri Aug 01 07:30:44.526892 2025] [wsgi:error] [pid 53968:tid 1220] [client 94.136.187.179:60347] Not Found: /delivery_service/terms_conditions/\r
[Fri Aug 01 07:30:44.605063 2025] [wsgi:error] [pid 53968:tid 1220] [client 94.136.187.179:60353] Not Found: /delivery_service/terms_conditions/\r
[Fri Aug 01 07:30:44.714397 2025] [wsgi:error] [pid 53968:tid 1220] [client 94.136.187.179:60364] Not Found: /delivery_service/terms_conditions/\r
[Fri Aug 01 07:30:44.823773 2025] [wsgi:error] [pid 53968:tid 1200] [client 94.136.187.179:60378] Not Found: /delivery_service/terms_conditions/\r
[Fri Aug 01 07:30:44.917522 2025] [wsgi:error] [pid 53968:tid 1200] [client 94.136.187.179:60390] Not Found: /delivery_service/terms_conditions/\r
[Fri Aug 01 07:30:44.995655 2025] [wsgi:error] [pid 53968:tid 1300] [client 94.136.187.179:60398] Not Found: /delivery_service/terms_conditions/\r
[Fri Aug 01 07:30:45.637421 2025] [wsgi:error] [pid 53968:tid 1204] [client 94.136.187.179:60452] Not Found: /delivery_service/terms_conditions/\r
[Fri Aug 01 07:30:45.668670 2025] [wsgi:error] [pid 53968:tid 1204] [client 94.136.187.179:60456] Not Found: /delivery_service/terms_conditions/\r
[Fri Aug 01 07:30:45.824920 2025] [wsgi:error] [pid 53968:tid 1220] [client 94.136.187.179:60476] Not Found: /delivery_service/terms_conditions/\r
[Fri Aug 01 07:30:45.903054 2025] [wsgi:error] [pid 53968:tid 1220] [client 94.136.187.179:60484] Not Found: /delivery_service/terms_conditions/\r
[Fri Aug 01 07:30:45.949925 2025] [wsgi:error] [pid 53968:tid 1220] [client 94.136.187.179:60490] Not Found: /delivery_service/terms_conditions/\r
[Fri Aug 01 07:30:46.012424 2025] [wsgi:error] [pid 53968:tid 1220] [client 94.136.187.179:60496] Not Found: /delivery_service/terms_conditions/\r
[Fri Aug 01 07:30:47.043673 2025] [wsgi:error] [pid 53968:tid 1200] [client 94.136.187.179:60559] Not Found: /delivery_service/terms_conditions/\r
[Fri Aug 01 07:30:47.043673 2025] [wsgi:error] [pid 53968:tid 1288] [client 94.136.187.179:60556] Not Found: /delivery_service/terms_conditions/\r
[Fri Aug 01 07:30:47.481252 2025] [wsgi:error] [pid 53968:tid 1244] [client 94.136.187.179:60599] Not Found: /delivery_service/terms_conditions/\r
[Fri Aug 01 07:30:47.574925 2025] [wsgi:error] [pid 53968:tid 1244] [client 94.136.187.179:60609] Not Found: /delivery_service/terms_conditions/\r
[Fri Aug 01 07:30:47.637423 2025] [wsgi:error] [pid 53968:tid 1244] [client 94.136.187.179:60615] Not Found: /delivery_service/terms_conditions/\r
[Fri Aug 01 07:30:47.699942 2025] [wsgi:error] [pid 53968:tid 1244] [client 94.136.187.179:60621] Not Found: /delivery_service/terms_conditions/\r
[Fri Aug 01 07:30:47.778159 2025] [wsgi:error] [pid 53968:tid 1244] [client 94.136.187.179:60627] Not Found: /delivery_service/terms_conditions/\r
[Fri Aug 01 07:40:40.097839 2025] [wsgi:error] [pid 53968:tid 1196] [client 111.92.112.163:63475] {'loadpoint_id': 1}\r, referer: http://localhost:3030/
[Fri Aug 01 07:40:40.285335 2025] [wsgi:error] [pid 53968:tid 1196] [client 111.92.112.163:63475] {'loadpoint_id': 1}\r, referer: http://localhost:3030/
[Fri Aug 01 07:40:40.504100 2025] [wsgi:error] [pid 53968:tid 1200] [client 94.136.187.179:61054] Not Found: /delivery_service/terms_conditions/\r
[Fri Aug 01 07:40:40.644739 2025] [wsgi:error] [pid 53968:tid 1260] [client 94.136.187.179:61068] Not Found: /delivery_service/terms_conditions/\r
[Fri Aug 01 07:40:40.847955 2025] [wsgi:error] [pid 53968:tid 1196] [client 111.92.112.163:63475] {'loadpoint_id': 1}\r, referer: http://localhost:3030/
[Fri Aug 01 07:40:40.941590 2025] [wsgi:error] [pid 53968:tid 1196] [client 111.92.112.163:63475] {'loadpoint_id': 1}\r, referer: http://localhost:3030/
[Fri Aug 01 07:40:44.097849 2025] [wsgi:error] [pid 53968:tid 1196] [client 111.92.112.163:63475] {'loadpoint_id': 1}\r, referer: http://localhost:3030/
[Fri Aug 01 07:40:44.175973 2025] [wsgi:error] [pid 53968:tid 1196] [client 111.92.112.163:63475] {'loadpoint_id': 1}\r, referer: http://localhost:3030/
[Fri Aug 01 07:44:54.727090 2025] [wsgi:error] [pid 53968:tid 1212] [client 94.136.187.179:61448] Not Found: /delivery_service/terms_conditions/\r
[Fri Aug 01 07:44:55.320845 2025] [wsgi:error] [pid 53968:tid 1248] [client 94.136.187.179:61502] Not Found: /delivery_service/terms_conditions/\r
[Fri Aug 01 07:44:55.508343 2025] [wsgi:error] [pid 53968:tid 1248] [client 94.136.187.179:61524] Not Found: /delivery_service/terms_conditions/\r
[Fri Aug 01 07:45:06.445869 2025] [wsgi:error] [pid 53968:tid 1292] [client 94.136.187.179:61557] Not Found: /delivery_service/terms_conditions/\r
[Fri Aug 01 07:45:06.555257 2025] [wsgi:error] [pid 53968:tid 1292] [client 94.136.187.179:61567] Not Found: /delivery_service/terms_conditions/\r
[Fri Aug 01 07:45:06.617750 2025] [wsgi:error] [pid 53968:tid 1292] [client 94.136.187.179:61573] Not Found: /delivery_service/terms_conditions/\r
[Fri Aug 01 07:45:06.680243 2025] [wsgi:error] [pid 53968:tid 1292] [client 94.136.187.179:61579] Not Found: /delivery_service/terms_conditions/\r
[Fri Aug 01 07:45:06.727121 2025] [wsgi:error] [pid 53968:tid 1292] [client 94.136.187.179:61585] Not Found: /delivery_service/terms_conditions/\r
[Fri Aug 01 08:19:57.969906 2025] [wsgi:error] [pid 53968:tid 1272] [client 94.136.187.179:53555] Not Found: /user_service/validate_auth_token/\r
[Fri Aug 01 08:48:41.802539 2025] [wsgi:error] [pid 50132:tid 1316] [client 111.92.112.163:63873] Forbidden: /user_service/login/\r
[Fri Aug 01 08:50:01.271930 2025] [wsgi:error] [pid 31748:tid 1664] [client 111.92.112.163:63798] Forbidden: /user_service/login/\r
[Fri Aug 01 08:51:32.646895 2025] [wsgi:error] [pid 54128:tid 1688] [client 111.92.112.163:63926] Forbidden: /user_service/login/\r
[Fri Aug 01 09:57:01.440595 2025] [wsgi:error] [pid 49908:tid 1244] [client 111.92.112.163:61393] Bad Request: /customer_service/get_related_address/\r, referer: http://localhost:3030/
[Fri Aug 01 09:57:02.065601 2025] [wsgi:error] [pid 49908:tid 1204] [client 94.136.187.179:55433] Not Found: /delivery_service/terms_conditions/\r
[Fri Aug 01 09:57:02.190595 2025] [wsgi:error] [pid 49908:tid 1296] [client 94.136.187.179:55453] Not Found: /delivery_service/terms_conditions/\r
[Fri Aug 01 09:57:02.190595 2025] [wsgi:error] [pid 49908:tid 1184] [client 94.136.187.179:55457] Not Found: /delivery_service/terms_conditions/\r
[Fri Aug 01 09:57:02.221852 2025] [wsgi:error] [pid 49908:tid 1184] [client 94.136.187.179:55461] Not Found: /delivery_service/terms_conditions/\r
[Fri Aug 01 09:57:02.331222 2025] [wsgi:error] [pid 49908:tid 1196] [client 94.136.187.179:55477] Not Found: /delivery_service/terms_conditions/\r
[Fri Aug 01 09:57:02.424969 2025] [wsgi:error] [pid 49908:tid 1188] [client 94.136.187.179:55493] Not Found: /delivery_service/terms_conditions/\r
[Fri Aug 01 09:57:02.471843 2025] [wsgi:error] [pid 49908:tid 1188] [client 94.136.187.179:55499] Not Found: /delivery_service/terms_conditions/\r
[Fri Aug 01 09:57:19.378139 2025] [wsgi:error] [pid 49908:tid 1272] [client 94.136.187.179:55552] Not Found: /delivery_service/terms_conditions/\r
[Fri Aug 01 09:57:19.440639 2025] [wsgi:error] [pid 49908:tid 1272] [client 94.136.187.179:55558] Not Found: /delivery_service/terms_conditions/\r
[Fri Aug 01 09:57:19.503142 2025] [wsgi:error] [pid 49908:tid 1272] [client 94.136.187.179:55564] Not Found: /delivery_service/terms_conditions/\r
[Fri Aug 01 09:57:19.565654 2025] [wsgi:error] [pid 49908:tid 1272] [client 94.136.187.179:55570] Not Found: /delivery_service/terms_conditions/\r
[Fri Aug 01 09:57:19.612519 2025] [wsgi:error] [pid 49908:tid 1272] [client 94.136.187.179:55576] Not Found: /delivery_service/terms_conditions/\r
[Fri Aug 01 09:57:19.659393 2025] [wsgi:error] [pid 49908:tid 1272] [client 94.136.187.179:55582] Not Found: /delivery_service/terms_conditions/\r
[Fri Aug 01 09:57:20.956271 2025] [wsgi:error] [pid 49908:tid 1276] [client 94.136.187.179:55610] Not Found: /delivery_service/terms_conditions/\r
[Fri Aug 01 09:57:21.409395 2025] [wsgi:error] [pid 49908:tid 1276] [client 94.136.187.179:55649] Not Found: /delivery_service/terms_conditions/\r
[Fri Aug 01 09:57:30.831297 2025] [wsgi:error] [pid 49908:tid 1252] [client 94.136.187.179:55711] Not Found: /delivery_service/terms_conditions/\r
[Fri Aug 01 09:57:30.846919 2025] [wsgi:error] [pid 49908:tid 1248] [client 94.136.187.179:55713] Not Found: /delivery_service/terms_conditions/\r
[Fri Aug 01 09:57:31.284490 2025] [wsgi:error] [pid 49908:tid 1272] [client 94.136.187.179:55753] Not Found: /delivery_service/terms_conditions/\r
[Fri Aug 01 09:57:31.362547 2025] [wsgi:error] [pid 49908:tid 1272] [client 94.136.187.179:55763] Not Found: /delivery_service/terms_conditions/\r
[Fri Aug 01 09:57:31.409421 2025] [wsgi:error] [pid 49908:tid 1272] [client 94.136.187.179:55769] Not Found: /delivery_service/terms_conditions/\r
[Fri Aug 01 09:57:31.471922 2025] [wsgi:error] [pid 49908:tid 1272] [client 94.136.187.179:55775] Not Found: /delivery_service/terms_conditions/\r
[Fri Aug 01 09:57:31.534436 2025] [wsgi:error] [pid 49908:tid 1272] [client 94.136.187.179:55781] Not Found: /delivery_service/terms_conditions/\r
[Fri Aug 01 09:57:37.925063 2025] [wsgi:error] [pid 49908:tid 1288] [client 94.136.187.179:55810] Not Found: /delivery_service/terms_conditions/\r
[Fri Aug 01 09:57:38.018822 2025] [wsgi:error] [pid 49908:tid 1288] [client 94.136.187.179:55820] Not Found: /delivery_service/terms_conditions/\r
[Fri Aug 01 09:57:38.065690 2025] [wsgi:error] [pid 49908:tid 1288] [client 94.136.187.179:55826] Not Found: /delivery_service/terms_conditions/\r
[Fri Aug 01 09:57:38.112578 2025] [wsgi:error] [pid 49908:tid 1288] [client 94.136.187.179:55832] Not Found: /delivery_service/terms_conditions/\r
[Fri Aug 01 09:57:38.175064 2025] [wsgi:error] [pid 49908:tid 1288] [client 94.136.187.179:55838] Not Found: /delivery_service/terms_conditions/\r
[Fri Aug 01 10:10:22.989350 2025] [wsgi:error] [pid 49908:tid 1192] [client 111.92.112.163:61149] Bad Request: /customer_service/get_related_address/\r, referer: http://localhost:3030/
[Fri Aug 01 10:10:23.489349 2025] [wsgi:error] [pid 49908:tid 1284] [client 94.136.187.179:56484] Not Found: /delivery_service/terms_conditions/\r
[Fri Aug 01 10:10:23.661225 2025] [wsgi:error] [pid 49908:tid 1284] [client 94.136.187.179:56515] Not Found: /delivery_service/terms_conditions/\r
[Fri Aug 01 10:10:23.692473 2025] [wsgi:error] [pid 49908:tid 1284] [client 94.136.187.179:56517] Not Found: /delivery_service/terms_conditions/\r
[Fri Aug 01 10:10:23.770641 2025] [wsgi:error] [pid 49908:tid 1276] [client 94.136.187.179:56529] Not Found: /delivery_service/terms_conditions/\r
[Fri Aug 01 10:10:23.817482 2025] [wsgi:error] [pid 49908:tid 1284] [client 94.136.187.179:56536] Not Found: /delivery_service/terms_conditions/\r
[Fri Aug 01 10:10:23.911221 2025] [wsgi:error] [pid 49908:tid 1192] [client 94.136.187.179:56552] Not Found: /delivery_service/terms_conditions/\r
[Fri Aug 01 10:10:23.989346 2025] [wsgi:error] [pid 49908:tid 1208] [client 94.136.187.179:56563] Not Found: /delivery_service/terms_conditions/\r
[Fri Aug 01 10:10:26.692482 2025] [wsgi:error] [pid 49908:tid 1224] [client 94.136.187.179:56617] Not Found: /delivery_service/terms_conditions/\r
[Fri Aug 01 10:10:26.755032 2025] [wsgi:error] [pid 49908:tid 1224] [client 94.136.187.179:56623] Not Found: /delivery_service/terms_conditions/\r
[Fri Aug 01 10:10:26.801896 2025] [wsgi:error] [pid 49908:tid 1224] [client 94.136.187.179:56629] Not Found: /delivery_service/terms_conditions/\r
[Fri Aug 01 10:10:26.864352 2025] [wsgi:error] [pid 49908:tid 1224] [client 94.136.187.179:56635] Not Found: /delivery_service/terms_conditions/\r
[Fri Aug 01 10:10:26.911229 2025] [wsgi:error] [pid 49908:tid 1224] [client 94.136.187.179:56641] Not Found: /delivery_service/terms_conditions/\r
[Fri Aug 01 10:10:26.958102 2025] [wsgi:error] [pid 49908:tid 1224] [client 94.136.187.179:56647] Not Found: /delivery_service/terms_conditions/\r
[Fri Aug 01 10:10:28.520606 2025] [wsgi:error] [pid 49908:tid 1196] [client 94.136.187.179:56674] Not Found: /delivery_service/terms_conditions/\r
[Fri Aug 01 10:10:29.083109 2025] [wsgi:error] [pid 49908:tid 1292] [client 94.136.187.179:56713] Not Found: /delivery_service/terms_conditions/\r
[Fri Aug 01 10:10:29.708132 2025] [wsgi:error] [pid 49908:tid 1200] [client 94.136.187.179:56744] Not Found: /delivery_service/terms_conditions/\r
[Fri Aug 01 10:10:29.786248 2025] [wsgi:error] [pid 49908:tid 1200] [client 94.136.187.179:56754] Not Found: /delivery_service/terms_conditions/\r
[Fri Aug 01 10:10:29.864359 2025] [wsgi:error] [pid 49908:tid 1200] [client 94.136.187.179:56760] Not Found: /delivery_service/terms_conditions/\r
[Fri Aug 01 10:10:29.926874 2025] [wsgi:error] [pid 49908:tid 1200] [client 94.136.187.179:56766] Not Found: /delivery_service/terms_conditions/\r
[Fri Aug 01 10:10:29.973736 2025] [wsgi:error] [pid 49908:tid 1200] [client 94.136.187.179:56772] Not Found: /delivery_service/terms_conditions/\r
[Fri Aug 01 10:10:34.739368 2025] [wsgi:error] [pid 49908:tid 1200] [client 94.136.187.179:56817] Not Found: /delivery_service/terms_conditions/\r
[Fri Aug 01 10:10:34.973744 2025] [wsgi:error] [pid 49908:tid 1200] [client 94.136.187.179:56844] Not Found: /delivery_service/terms_conditions/\r
[Fri Aug 01 10:10:35.270621 2025] [wsgi:error] [pid 49908:tid 1200] [client 94.136.187.179:56873] Not Found: /delivery_service/terms_conditions/\r
[Fri Aug 01 10:10:35.364369 2025] [wsgi:error] [pid 49908:tid 1200] [client 94.136.187.179:56883] Not Found: /delivery_service/terms_conditions/\r
[Fri Aug 01 10:10:35.411247 2025] [wsgi:error] [pid 49908:tid 1200] [client 94.136.187.179:56889] Not Found: /delivery_service/terms_conditions/\r
[Fri Aug 01 10:10:35.473742 2025] [wsgi:error] [pid 49908:tid 1200] [client 94.136.187.179:56896] Not Found: /delivery_service/terms_conditions/\r
[Fri Aug 01 10:10:35.536249 2025] [wsgi:error] [pid 49908:tid 1200] [client 94.136.187.179:56902] Not Found: /delivery_service/terms_conditions/\r
[Fri Aug 01 10:10:40.801878 2025] [wsgi:error] [pid 49908:tid 1184] [client 94.136.187.179:56931] Not Found: /delivery_service/terms_conditions/\r
[Fri Aug 01 10:10:40.895650 2025] [wsgi:error] [pid 49908:tid 1184] [client 94.136.187.179:56941] Not Found: /delivery_service/terms_conditions/\r
[Fri Aug 01 10:10:40.942508 2025] [wsgi:error] [pid 49908:tid 1184] [client 94.136.187.179:56947] Not Found: /delivery_service/terms_conditions/\r
[Fri Aug 01 10:10:40.989381 2025] [wsgi:error] [pid 49908:tid 1184] [client 94.136.187.179:56953] Not Found: /delivery_service/terms_conditions/\r
[Fri Aug 01 10:10:41.036254 2025] [wsgi:error] [pid 49908:tid 1184] [client 94.136.187.179:56959] Not Found: /delivery_service/terms_conditions/\r
[Fri Aug 01 10:53:24.604741 2025] [wsgi:error] [pid 49908:tid 1244] [client 111.92.112.163:63621] Forbidden: /user_service/login/\r
[Sun Aug 03 21:30:04.408855 2025] [core:error] [pid 56120:tid 1588] (20024)The given path is misformatted or contained invalid characters: [client 20.171.207.167:40644] AH00127: Cannot map GET /Orderprotest/purchase_order_service/venv_po/Lib/site-packages/django/views/templates/%7B%7B%20f|urlencode%20%7D%7D HTTP/1.1 to file
[Sun Aug 03 21:32:52.815356 2025] [core:error] [pid 56120:tid 1564] (20024)The given path is misformatted or contained invalid characters: [client 20.171.207.167:46454] AH00127: Cannot map GET /Orderprotest/purchase_order_service/venv_po/Lib/site-packages/django/views/templates/%7B%7B%20f|urlencode%20%7D%7D HTTP/1.1 to file
[Sun Aug 03 21:33:58.299822 2025] [core:error] [pid 56120:tid 1640] (20024)The given path is misformatted or contained invalid characters: [client 20.171.207.167:42152] AH00127: Cannot map GET /Orderprotest/purchase_order_service/venv_po/Lib/site-packages/django/views/templates/%7B%7B%20f|urlencode%20%7D%7D HTTP/1.1 to file
[Sun Aug 03 21:36:54.518904 2025] [core:error] [pid 56120:tid 1584] (20024)The given path is misformatted or contained invalid characters: [client 20.171.207.167:51056] AH00127: Cannot map GET /Orderprotest/purchase_order_service/venv_po/Lib/site-packages/django/views/templates/%7B%7B%20f|urlencode%20%7D%7D HTTP/1.1 to file
[Sun Aug 03 22:10:29.445207 2025] [core:error] [pid 56120:tid 1612] (20024)The given path is misformatted or contained invalid characters: [client 20.171.207.167:49370] AH00127: Cannot map GET /Orderprotest/purchase_order_service/venv_po/Lib/site-packages/django/views/templates/%7B%7B%20f|urlencode%20%7D%7D HTTP/1.1 to file
[Mon Aug 04 00:00:11.970360 2025] [core:error] [pid 56120:tid 1612] (20024)The given path is misformatted or contained invalid characters: [client 20.171.207.167:37494] AH00127: Cannot map GET /Orderprotest/delivery_service/venv_delivery/Lib/site-packages/django/views/templates/%7B%7B%20f|urlencode%20%7D%7D HTTP/1.1 to file
[Mon Aug 04 00:00:15.564112 2025] [core:error] [pid 56120:tid 1612] (20024)The given path is misformatted or contained invalid characters: [client 20.171.207.167:37494] AH00127: Cannot map GET /Orderprotest/customer_service/venv_customer/Lib/site-packages/django/views/templates/%7B%7B%20f|urlencode%20%7D%7D HTTP/1.1 to file
[Mon Aug 04 00:00:27.720404 2025] [core:error] [pid 56120:tid 1584] (20024)The given path is misformatted or contained invalid characters: [client 20.171.207.167:38640] AH00127: Cannot map GET /Orderprotest/delivery_service/venv_delivery/Lib/site-packages/django/views/templates/%7B%7B%20f|urlencode%20%7D%7D HTTP/1.1 to file
[Mon Aug 04 00:00:28.423542 2025] [core:error] [pid 56120:tid 1588] (20024)The given path is misformatted or contained invalid characters: [client 20.171.207.167:36844] AH00127: Cannot map GET /Orderprotest/customer_service/venv_customer/Lib/site-packages/django/views/templates/%7B%7B%20f|urlencode%20%7D%7D HTTP/1.1 to file
[Mon Aug 04 00:00:30.829791 2025] [core:error] [pid 56120:tid 1588] (20024)The given path is misformatted or contained invalid characters: [client 20.171.207.167:36844] AH00127: Cannot map GET /Orderprotest/delivery_service/venv_delivery/Lib/site-packages/django/views/templates/%7B%7B%20f|urlencode%20%7D%7D HTTP/1.1 to file
[Mon Aug 04 00:00:33.532911 2025] [core:error] [pid 56120:tid 1584] (20024)The given path is misformatted or contained invalid characters: [client 20.171.207.167:38640] AH00127: Cannot map GET /Orderprotest/customer_service/venv_customer/Lib/site-packages/django/views/templates/%7B%7B%20f|urlencode%20%7D%7D HTTP/1.1 to file
[Mon Aug 04 00:00:53.548577 2025] [core:error] [pid 56120:tid 1640] (20024)The given path is misformatted or contained invalid characters: [client 20.171.207.167:55546] AH00127: Cannot map GET /Orderprotest/customer_service/venv_customer/Lib/site-packages/django/views/templates/%7B%7B%20f|urlencode%20%7D%7D HTTP/1.1 to file
[Mon Aug 04 00:00:54.751728 2025] [core:error] [pid 56120:tid 1640] (20024)The given path is misformatted or contained invalid characters: [client 20.171.207.167:55546] AH00127: Cannot map GET /Orderprotest/delivery_service/venv_delivery/Lib/site-packages/django/views/templates/%7B%7B%20f|urlencode%20%7D%7D HTTP/1.1 to file
[Mon Aug 04 00:16:10.909489 2025] [core:error] [pid 56120:tid 1584] (20024)The given path is misformatted or contained invalid characters: [client 20.171.207.167:53944] AH00127: Cannot map GET /Orderprotest/product_service/venv_product/Lib/site-packages/django/views/templates/%7B%7B%20f|urlencode%20%7D%7D HTTP/1.1 to file
[Mon Aug 04 00:16:13.550119 2025] [core:error] [pid 56120:tid 1612] (20024)The given path is misformatted or contained invalid characters: [client 20.171.207.167:50308] AH00127: Cannot map GET /Orderprotest/product_service/venv_product/Lib/site-packages/django/views/templates/%7B%7B%20f|urlencode%20%7D%7D HTTP/1.1 to file
[Mon Aug 04 00:16:27.847048 2025] [core:error] [pid 56120:tid 1588] (20024)The given path is misformatted or contained invalid characters: [client 20.171.207.167:45596] AH00127: Cannot map GET /Orderprotest/product_service/venv_product/Lib/site-packages/django/views/templates/%7B%7B%20f|urlencode%20%7D%7D HTTP/1.1 to file
[Mon Aug 04 00:16:37.893952 2025] [core:error] [pid 56120:tid 1640] (20024)The given path is misformatted or contained invalid characters: [client 20.171.207.167:46956] AH00127: Cannot map GET /Orderprotest/product_service/venv_product/Lib/site-packages/django/views/templates/%7B%7B%20f|urlencode%20%7D%7D HTTP/1.1 to file
[Mon Aug 04 00:18:23.159716 2025] [core:error] [pid 56120:tid 1584] (20024)The given path is misformatted or contained invalid characters: [client 20.171.207.167:39372] AH00127: Cannot map GET /PVSGent/purchase_order_service/venv_po/Lib/site-packages/django/views/templates/%7B%7B%20f|urlencode%20%7D%7D HTTP/1.1 to file
[Mon Aug 04 00:18:23.472221 2025] [core:error] [pid 56120:tid 1552] (20024)The given path is misformatted or contained invalid characters: [client 20.171.207.167:59498] AH00127: Cannot map GET /PVSGent/user_service/venv_users/Lib/site-packages/django/views/templates/%7B%7B%20f|urlencode%20%7D%7D HTTP/1.1 to file
[Mon Aug 04 00:18:24.378488 2025] [core:error] [pid 56120:tid 1584] (20024)The given path is misformatted or contained invalid characters: [client 20.171.207.167:39372] AH00127: Cannot map GET /PVSGent/user_service/venv_users/Lib/site-packages/django/views/templates/%7B%7B%20f|urlencode%20%7D%7D HTTP/1.1 to file
[Mon Aug 04 00:18:24.675348 2025] [core:error] [pid 56120:tid 1552] (20024)The given path is misformatted or contained invalid characters: [client 20.171.207.167:59498] AH00127: Cannot map GET /PVSGent/purchase_order_service/venv_po/Lib/site-packages/django/views/templates/%7B%7B%20f|urlencode%20%7D%7D HTTP/1.1 to file
[Mon Aug 04 00:18:38.112864 2025] [core:error] [pid 56120:tid 1588] (20024)The given path is misformatted or contained invalid characters: [client 20.171.207.167:38084] AH00127: Cannot map GET /PVSGent/user_service/venv_users/Lib/site-packages/django/views/templates/%7B%7B%20f|urlencode%20%7D%7D HTTP/1.1 to file
[Mon Aug 04 00:18:39.315993 2025] [core:error] [pid 56120:tid 1588] (20024)The given path is misformatted or contained invalid characters: [client 20.171.207.167:38084] AH00127: Cannot map GET /PVSGent/purchase_order_service/venv_po/Lib/site-packages/django/views/templates/%7B%7B%20f|urlencode%20%7D%7D HTTP/1.1 to file
[Mon Aug 04 00:18:47.378509 2025] [core:error] [pid 56120:tid 1640] (20024)The given path is misformatted or contained invalid characters: [client 20.171.207.167:59248] AH00127: Cannot map GET /PVSGent/purchase_order_service/venv_po/Lib/site-packages/django/views/templates/%7B%7B%20f|urlencode%20%7D%7D HTTP/1.1 to file
[Mon Aug 04 00:18:50.972261 2025] [core:error] [pid 56120:tid 1640] (20024)The given path is misformatted or contained invalid characters: [client 20.171.207.167:59248] AH00127: Cannot map GET /PVSGent/user_service/venv_users/Lib/site-packages/django/views/templates/%7B%7B%20f|urlencode%20%7D%7D HTTP/1.1 to file
[Mon Aug 04 00:37:00.271016 2025] [core:error] [pid 56120:tid 1640] (20024)The given path is misformatted or contained invalid characters: [client 20.171.207.167:53692] AH00127: Cannot map GET /Orderprotest/customer_service/venv_customer/Lib/site-packages/django/views/templates/%7B%7B%20f|urlencode%20%7D%7D HTTP/1.1 to file
[Mon Aug 04 00:37:45.505465 2025] [core:error] [pid 56120:tid 1640] (20024)The given path is misformatted or contained invalid characters: [client 20.171.207.167:53692] AH00127: Cannot map GET /Orderprotest/delivery_service/venv_delivery/Lib/site-packages/django/views/templates/%7B%7B%20f|urlencode%20%7D%7D HTTP/1.1 to file
[Mon Aug 04 00:53:41.772680 2025] [core:error] [pid 56120:tid 1612] (20024)The given path is misformatted or contained invalid characters: [client 20.171.207.167:38936] AH00127: Cannot map GET /Orderprotest/product_service/venv_product/Lib/site-packages/django/views/templates/%7B%7B%20f|urlencode%20%7D%7D HTTP/1.1 to file
[Mon Aug 04 00:55:43.413505 2025] [core:error] [pid 56120:tid 1640] (20024)The given path is misformatted or contained invalid characters: [client 20.171.207.167:54872] AH00127: Cannot map GET /PVSGent/purchase_order_service/venv_po/Lib/site-packages/django/views/templates/%7B%7B%20f|urlencode%20%7D%7D HTTP/1.1 to file
[Mon Aug 04 00:55:50.272914 2025] [core:error] [pid 56120:tid 1640] (20024)The given path is misformatted or contained invalid characters: [client 20.171.207.167:54872] AH00127: Cannot map GET /PVSGent/user_service/venv_users/Lib/site-packages/django/views/templates/%7B%7B%20f|urlencode%20%7D%7D HTTP/1.1 to file
[Mon Aug 04 01:49:12.934500 2025] [core:error] [pid 56120:tid 1628] [client 20.171.207.167:54700] AH10244: invalid URI path (/Orderprotest/purchase_order_service/venv_po/Lib/site-packages/django/contrib/admindocs/templates/admin_doc/%7B%%20url%20'admin:index'%20%%7D)
[Mon Aug 04 01:49:59.809522 2025] [core:error] [pid 56120:tid 1612] [client 20.171.207.167:42480] AH10244: invalid URI path (/Orderprotest/purchase_order_service/venv_po/Lib/site-packages/django/contrib/admindocs/templates/admin_doc/%7B%%20url%20'admin:index'%20%%7D)
[Mon Aug 04 01:50:28.481446 2025] [core:error] [pid 56120:tid 1588] [client 20.171.207.167:40526] AH10244: invalid URI path (/Orderprotest/purchase_order_service/venv_po/Lib/site-packages/django/contrib/admindocs/templates/admin_doc/%7B%%20url%20'admin:index'%20%%7D)
[Mon Aug 04 01:50:56.184624 2025] [core:error] [pid 56120:tid 1552] [client 20.171.207.167:51344] AH10244: invalid URI path (/Orderprotest/purchase_order_service/venv_po/Lib/site-packages/django/contrib/admindocs/templates/admin_doc/%7B%%20url%20'admin:index'%20%%7D)
[Mon Aug 04 02:27:25.532814 2025] [core:error] [pid 56120:tid 1640] [client 20.171.207.167:34110] AH10244: invalid URI path (/Orderprotest/purchase_order_service/venv_po/Lib/site-packages/django/contrib/admindocs/templates/admin_doc/%7B%%20url%20'admin:index'%20%%7D)
[Mon Aug 04 04:01:46.259245 2025] [core:error] [pid 56120:tid 1628] [client 20.171.207.167:39950] AH10244: invalid URI path (/PVSGent/purchase_order_service/venv_po/Lib/site-packages/django/contrib/admindocs/templates/admin_doc/%7B%%20url%20'admin:index'%20%%7D)
[Mon Aug 04 04:03:25.853151 2025] [core:error] [pid 56120:tid 1612] [client 20.171.207.167:38850] AH10244: invalid URI path (/PVSGent/purchase_order_service/venv_po/Lib/site-packages/django/contrib/admindocs/templates/admin_doc/%7B%%20url%20'admin:index'%20%%7D)
[Mon Aug 04 04:03:45.196932 2025] [core:error] [pid 56120:tid 1584] [client 20.171.207.167:46282] AH10244: invalid URI path (/PVSGent/purchase_order_service/venv_po/Lib/site-packages/django/contrib/admindocs/templates/admin_doc/%7B%%20url%20'admin:index'%20%%7D)
[Mon Aug 04 04:04:00.837601 2025] [core:error] [pid 56120:tid 1588] [client 20.171.207.167:56580] AH10244: invalid URI path (/PVSGent/purchase_order_service/venv_po/Lib/site-packages/django/contrib/admindocs/templates/admin_doc/%7B%%20url%20'admin:index'%20%%7D)
[Mon Aug 04 04:16:17.401612 2025] [core:error] [pid 56120:tid 1628] (20024)The given path is misformatted or contained invalid characters: [client 20.171.207.167:54200] AH00127: Cannot map GET /Orderprotest/user_service/venv_users/Lib/site-packages/django/views/templates/%7B%7B%20f|urlencode%20%7D%7D HTTP/1.1 to file
[Mon Aug 04 04:18:20.401821 2025] [core:error] [pid 56120:tid 1612] (20024)The given path is misformatted or contained invalid characters: [client 20.171.207.167:55512] AH00127: Cannot map GET /Orderprotest/user_service/venv_users/Lib/site-packages/django/views/templates/%7B%7B%20f|urlencode%20%7D%7D HTTP/1.1 to file
[Mon Aug 04 04:18:36.323707 2025] [core:error] [pid 56120:tid 1584] (20024)The given path is misformatted or contained invalid characters: [client 20.171.207.167:54074] AH00127: Cannot map GET /Orderprotest/user_service/venv_users/Lib/site-packages/django/views/templates/%7B%7B%20f|urlencode%20%7D%7D HTTP/1.1 to file
[Mon Aug 04 04:18:44.370641 2025] [core:error] [pid 56120:tid 1588] (20024)The given path is misformatted or contained invalid characters: [client 20.171.207.167:58368] AH00127: Cannot map GET /Orderprotest/user_service/venv_users/Lib/site-packages/django/views/templates/%7B%7B%20f|urlencode%20%7D%7D HTTP/1.1 to file
[Mon Aug 04 04:27:56.168613 2025] [core:error] [pid 56120:tid 1628] [client 20.171.207.167:45552] AH10244: invalid URI path (/Orderprotest/delivery_service/venv_delivery/Lib/site-packages/django/contrib/admindocs/templates/admin_doc/%7B%%20url%20'admin:index'%20%%7D)
[Mon Aug 04 04:28:15.715512 2025] [core:error] [pid 56120:tid 1612] [client 20.171.207.167:39402] AH10244: invalid URI path (/Orderprotest/customer_service/venv_customer/Lib/site-packages/django/contrib/admindocs/templates/admin_doc/%7B%%20url%20'admin:index'%20%%7D)
[Mon Aug 04 04:28:31.324922 2025] [core:error] [pid 56120:tid 1588] [client 20.171.207.167:56470] AH10244: invalid URI path (/Orderprotest/delivery_service/venv_delivery/Lib/site-packages/django/contrib/admindocs/templates/admin_doc/%7B%%20url%20'admin:index'%20%%7D)
[Mon Aug 04 04:29:50.387610 2025] [core:error] [pid 56120:tid 1552] [client 20.171.207.167:44846] AH10244: invalid URI path (/Orderprotest/customer_service/venv_customer/Lib/site-packages/django/contrib/admindocs/templates/admin_doc/%7B%%20url%20'admin:index'%20%%7D)
[Mon Aug 04 04:29:50.731341 2025] [core:error] [pid 56120:tid 1628] [client 20.171.207.167:58052] AH10244: invalid URI path (/Orderprotest/customer_service/venv_customer/Lib/site-packages/django/contrib/admindocs/templates/admin_doc/%7B%%20url%20'admin:index'%20%%7D)
